[INFO] cloning repository https://github.com/nulldatamap/sisbo
[INFO] running `Command { std: "git" "-c" "credential.helper=" "-c" "credential.helper=/workspace/cargo-home/bin/git-credential-null" "clone" "--bare" "https://github.com/nulldatamap/sisbo" "/workspace/cache/git-repos/https%3A%2F%2Fgithub.com%2Fnulldatamap%2Fsisbo", kill_on_drop: false }`
[INFO] [stderr] Cloning into bare repository '/workspace/cache/git-repos/https%3A%2F%2Fgithub.com%2Fnulldatamap%2Fsisbo'...
[INFO] running `Command { std: "git" "rev-parse" "HEAD", kill_on_drop: false }`
[INFO] [stdout] 65ce65246d3a16c0ed822e03da0555b8e47b7887
[INFO] building nulldatamap/sisbo against master#881c1ac408d93bb7adaa3a51dabab9266e82eee8 for issue-85264
[INFO] running `Command { std: "git" "clone" "/workspace/cache/git-repos/https%3A%2F%2Fgithub.com%2Fnulldatamap%2Fsisbo" "/workspace/builds/worker-12/source", kill_on_drop: false }`
[INFO] [stderr] Cloning into '/workspace/builds/worker-12/source'...
[INFO] [stderr] done.
[INFO] validating manifest of git repo https://github.com/nulldatamap/sisbo on toolchain 881c1ac408d93bb7adaa3a51dabab9266e82eee8
[INFO] running `Command { std: "/workspace/cargo-home/bin/cargo" "+881c1ac408d93bb7adaa3a51dabab9266e82eee8" "metadata" "--manifest-path" "Cargo.toml" "--no-deps", kill_on_drop: false }`
[INFO] started tweaking git repo https://github.com/nulldatamap/sisbo
[INFO] finished tweaking git repo https://github.com/nulldatamap/sisbo
[INFO] tweaked toml for git repo https://github.com/nulldatamap/sisbo written to /workspace/builds/worker-12/source/Cargo.toml
[INFO] crate git repo https://github.com/nulldatamap/sisbo already has a lockfile, it will not be regenerated
[INFO] running `Command { std: "/workspace/cargo-home/bin/cargo" "+881c1ac408d93bb7adaa3a51dabab9266e82eee8" "fetch" "--manifest-path" "Cargo.toml", kill_on_drop: false }`
[INFO] [stderr]     Updating git repository `https://github.com/JeremyLetang/ears.git`
[INFO] running `Command { std: "docker" "create" "-v" "/var/lib/crater-agent-workspace/builds/worker-12/target:/opt/rustwide/target:rw,Z" "-v" "/var/lib/crater-agent-workspace/builds/worker-12/source:/opt/rustwide/workdir:ro,Z" "-v" "/var/lib/crater-agent-workspace/cargo-home:/opt/rustwide/cargo-home:ro,Z" "-v" "/var/lib/crater-agent-workspace/rustup-home:/opt/rustwide/rustup-home:ro,Z" "-e" "SOURCE_DIR=/opt/rustwide/workdir" "-e" "CARGO_TARGET_DIR=/opt/rustwide/target" "-e" "CARGO_HOME=/opt/rustwide/cargo-home" "-e" "RUSTUP_HOME=/opt/rustwide/rustup-home" "-w" "/opt/rustwide/workdir" "-m" "1610612736" "--user" "0:0" "--network" "none" "ghcr.io/rust-lang/crates-build-env/linux@sha256:20528e8c29e4536546f0102ce88568b16ea7538393a33fcca951030f7af10457" "/opt/rustwide/cargo-home/bin/cargo" "+881c1ac408d93bb7adaa3a51dabab9266e82eee8" "metadata" "--no-deps" "--format-version=1", kill_on_drop: false }`
[INFO] [stdout] 34a8d4843fa69afbf098473000707e82fa2ff4a6ca4ac420aee6717c0c7a0e30
[INFO] [stderr] WARNING: Your kernel does not support swap limit capabilities or the cgroup is not mounted. Memory limited without swap.
[INFO] running `Command { std: "docker" "start" "-a" "34a8d4843fa69afbf098473000707e82fa2ff4a6ca4ac420aee6717c0c7a0e30", kill_on_drop: false }`
[INFO] running `Command { std: "docker" "inspect" "34a8d4843fa69afbf098473000707e82fa2ff4a6ca4ac420aee6717c0c7a0e30", kill_on_drop: false }`
[INFO] running `Command { std: "docker" "rm" "-f" "34a8d4843fa69afbf098473000707e82fa2ff4a6ca4ac420aee6717c0c7a0e30", kill_on_drop: false }`
[INFO] [stdout] 34a8d4843fa69afbf098473000707e82fa2ff4a6ca4ac420aee6717c0c7a0e30
[INFO] running `Command { std: "docker" "create" "-v" "/var/lib/crater-agent-workspace/builds/worker-12/target:/opt/rustwide/target:rw,Z" "-v" "/var/lib/crater-agent-workspace/builds/worker-12/source:/opt/rustwide/workdir:ro,Z" "-v" "/var/lib/crater-agent-workspace/cargo-home:/opt/rustwide/cargo-home:ro,Z" "-v" "/var/lib/crater-agent-workspace/rustup-home:/opt/rustwide/rustup-home:ro,Z" "-e" "SOURCE_DIR=/opt/rustwide/workdir" "-e" "CARGO_TARGET_DIR=/opt/rustwide/target" "-e" "CARGO_INCREMENTAL=0" "-e" "RUST_BACKTRACE=full" "-e" "RUSTFLAGS=--cap-lints=forbid" "-e" "CARGO_HOME=/opt/rustwide/cargo-home" "-e" "RUSTUP_HOME=/opt/rustwide/rustup-home" "-w" "/opt/rustwide/workdir" "-m" "1610612736" "--user" "0:0" "--network" "none" "ghcr.io/rust-lang/crates-build-env/linux@sha256:20528e8c29e4536546f0102ce88568b16ea7538393a33fcca951030f7af10457" "/opt/rustwide/cargo-home/bin/cargo" "+881c1ac408d93bb7adaa3a51dabab9266e82eee8" "build" "--frozen" "--message-format=json", kill_on_drop: false }`
[INFO] [stdout] b50dc34ef3410b468306ad2836f345e5016f493ede16ad81cdb855e541897df7
[INFO] [stderr] WARNING: Your kernel does not support swap limit capabilities or the cgroup is not mounted. Memory limited without swap.
[INFO] running `Command { std: "docker" "start" "-a" "b50dc34ef3410b468306ad2836f345e5016f493ede16ad81cdb855e541897df7", kill_on_drop: false }`
[INFO] [stderr]     Blocking waiting for file lock on package cache
[INFO] [stderr]    Compiling ears v0.3.0 (https://github.com/JeremyLetang/ears.git#f6824539)
[INFO] [stdout] error: macros that expand to items must be delimited with braces or followed by a semicolon
[INFO] [stdout]   --> /opt/rustwide/cargo-home/git/checkouts/ears-1d8f72d21c29ead8/f682453/src/internal.rs:38:16
[INFO] [stdout]    |
[INFO] [stdout] 38 | local_data_key!(al_context: RefCell<Box<OpenAlData>>)
[INFO] [stdout]    |                ^^^^^^^^^^^^^^^^^^^^^^^^^^^^^^^^^^^^^^
[INFO] [stdout]    |
[INFO] [stdout] help: change the delimiters to curly braces
[INFO] [stdout]    |
[INFO] [stdout] 38 | local_data_key!{al_context: RefCell<Box<OpenAlData>>}
[INFO] [stdout]    |                ^                                    ^
[INFO] [stdout] help: add a semicolon
[INFO] [stdout]    |
[INFO] [stdout] 38 | local_data_key!(al_context: RefCell<Box<OpenAlData>>);
[INFO] [stdout]    |                                                      ^
[INFO] [stdout] 
[INFO] [stdout] 
[INFO] [stdout] error: macros that expand to items must be delimited with braces or followed by a semicolon
[INFO] [stdout]    --> /opt/rustwide/cargo-home/git/checkouts/ears-1d8f72d21c29ead8/f682453/src/internal.rs:169:34
[INFO] [stdout]     |
[INFO] [stdout] 169 |   macro_rules! check_openal_context(
[INFO] [stdout]     |  __________________________________^
[INFO] [stdout] 170 | |     ($def_ret:expr) => (
[INFO] [stdout] 171 | |             match OpenAlData::check_al_context() {
[INFO] [stdout] 172 | |                 Ok(_)    => {},
[INFO] [stdout] ...   |
[INFO] [stdout] 175 | |         );
[INFO] [stdout] 176 | | )
[INFO] [stdout]     | |_^
[INFO] [stdout]     |
[INFO] [stdout] help: change the delimiters to curly braces
[INFO] [stdout]     |
[INFO] [stdout] 169 | macro_rules! check_openal_context{
[INFO] [stdout] 170 |     ($def_ret:expr) => (
[INFO] [stdout] 171 |             match OpenAlData::check_al_context() {
[INFO] [stdout] 172 |                 Ok(_)    => {},
[INFO] [stdout] 173 |                 Err(err) => { println!("{}", err); return $def_ret; }
[INFO] [stdout] 174 |             }
[INFO] [stdout]   ...
[INFO] [stdout] help: add a semicolon
[INFO] [stdout]     |
[INFO] [stdout] 176 | );
[INFO] [stdout]     |  ^
[INFO] [stdout] 
[INFO] [stdout] 
[INFO] [stdout] error: expected one of `)`, `,`, `.`, `?`, or an operator, found `{`
[INFO] [stdout]    --> /opt/rustwide/cargo-home/git/checkouts/ears-1d8f72d21c29ead8/f682453/src/init.rs:104:22
[INFO] [stdout]     |
[INFO] [stdout] 104 |         spawn(proc() {
[INFO] [stdout]     |                     -^ expected one of `)`, `,`, `.`, `?`, or an operator
[INFO] [stdout]     |                     |
[INFO] [stdout]     |                     help: missing `,`
[INFO] [stdout] 
[INFO] [stdout] 
[INFO] [stdout] error: expected one of `!`, `(`, `+`, `::`, `;`, `<`, or `]`, found `,`
[INFO] [stdout]   --> /opt/rustwide/cargo-home/git/checkouts/ears-1d8f72d21c29ead8/f682453/src/listener.rs:89:35
[INFO] [stdout]    |
[INFO] [stdout] 89 | pub fn set_position(position: [f32, ..3]) -> () {
[INFO] [stdout]    |                                   ^ expected one of 7 possible tokens
[INFO] [stdout] 
[INFO] [stdout] 
[INFO] [stdout] error: expected one of `:` or `|`, found `]`
[INFO] [stdout]   --> /opt/rustwide/cargo-home/git/checkouts/ears-1d8f72d21c29ead8/f682453/src/listener.rs:89:40
[INFO] [stdout]    |
[INFO] [stdout] 89 | pub fn set_position(position: [f32, ..3]) -> () {
[INFO] [stdout]    |                                        ^ expected one of `:` or `|`
[INFO] [stdout] 
[INFO] [stdout] 
[INFO] [stdout] error: expected one of `)`, `,`, `->`, `:`, `;`, `where`, `{`, `|`, or identifier, found `]`
[INFO] [stdout]   --> /opt/rustwide/cargo-home/git/checkouts/ears-1d8f72d21c29ead8/f682453/src/listener.rs:89:40
[INFO] [stdout]    |
[INFO] [stdout] 89 | pub fn set_position(position: [f32, ..3]) -> () {
[INFO] [stdout]    |                                        ^ expected one of 9 possible tokens
[INFO] [stdout] 
[INFO] [stdout] 
[INFO] [stdout] error: expected one of `!`, `(`, `+`, `::`, `;`, `<`, or `]`, found `,`
[INFO] [stdout]    --> /opt/rustwide/cargo-home/git/checkouts/ears-1d8f72d21c29ead8/f682453/src/sound.rs:538:46
[INFO] [stdout]     |
[INFO] [stdout] 538 |     fn set_position(&mut self, position: [f32, ..3]) -> () {
[INFO] [stdout]     |                                              ^ expected one of 7 possible tokens
[INFO] [stdout] 
[INFO] [stdout] 
[INFO] [stdout] error: expected one of `:` or `|`, found `]`
[INFO] [stdout]    --> /opt/rustwide/cargo-home/git/checkouts/ears-1d8f72d21c29ead8/f682453/src/sound.rs:538:51
[INFO] [stdout]     |
[INFO] [stdout] 538 |     fn set_position(&mut self, position: [f32, ..3]) -> () {
[INFO] [stdout]     |                                                   ^ expected one of `:` or `|`
[INFO] [stdout] 
[INFO] [stdout] 
[INFO] [stdout] error: expected one of `)`, `,`, `->`, `:`, `;`, `where`, `{`, `|`, or identifier, found `]`
[INFO] [stdout]    --> /opt/rustwide/cargo-home/git/checkouts/ears-1d8f72d21c29ead8/f682453/src/sound.rs:538:51
[INFO] [stdout]     |
[INFO] [stdout] 209 | impl AudioController for Sound {
[INFO] [stdout]     |                                - while parsing this item list starting here
[INFO] [stdout] ...
[INFO] [stdout] 538 |     fn set_position(&mut self, position: [f32, ..3]) -> () {
[INFO] [stdout]     |                                                   ^ expected one of 9 possible tokens
[INFO] [stdout] ...
[INFO] [stdout] 690 | }
[INFO] [stdout]     | - the item list ends here
[INFO] [stdout] 
[INFO] [stdout] 
[INFO] [stdout] error: expected one of `!`, `(`, `+`, `::`, `;`, `<`, or `]`, found `,`
[INFO] [stdout]   --> /opt/rustwide/cargo-home/git/checkouts/ears-1d8f72d21c29ead8/f682453/src/music.rs:65:21
[INFO] [stdout]    |
[INFO] [stdout] 65 |     al_buffers: [u32, ..2],
[INFO] [stdout]    |                     ^ expected one of 7 possible tokens
[INFO] [stdout] 
[INFO] [stdout] 
[INFO] [stdout] error: expected one of `)`, `,`, `.`, `?`, or an operator, found `{`
[INFO] [stdout]    --> /opt/rustwide/cargo-home/git/checkouts/ears-1d8f72d21c29ead8/f682453/src/music.rs:170:28
[INFO] [stdout]     |
[INFO] [stdout] 170 |         task::spawn(proc() {
[INFO] [stdout]     |                           -^ expected one of `)`, `,`, `.`, `?`, or an operator
[INFO] [stdout]     |                           |
[INFO] [stdout]     |                           help: missing `,`
[INFO] [stdout] 
[INFO] [stdout] 
[INFO] [stdout] error: expected one of `!`, `(`, `+`, `::`, `;`, `<`, or `]`, found `,`
[INFO] [stdout]    --> /opt/rustwide/cargo-home/git/checkouts/ears-1d8f72d21c29ead8/f682453/src/music.rs:513:46
[INFO] [stdout]     |
[INFO] [stdout] 513 |     fn set_position(&mut self, position: [f32, ..3]) -> () {
[INFO] [stdout]     |                                              ^ expected one of 7 possible tokens
[INFO] [stdout] 
[INFO] [stdout] 
[INFO] [stdout] error: expected one of `:` or `|`, found `]`
[INFO] [stdout]    --> /opt/rustwide/cargo-home/git/checkouts/ears-1d8f72d21c29ead8/f682453/src/music.rs:513:51
[INFO] [stdout]     |
[INFO] [stdout] 513 |     fn set_position(&mut self, position: [f32, ..3]) -> () {
[INFO] [stdout]     |                                                   ^ expected one of `:` or `|`
[INFO] [stdout] 
[INFO] [stdout] 
[INFO] [stdout] error: expected one of `)`, `,`, `->`, `:`, `;`, `where`, `{`, `|`, or identifier, found `]`
[INFO] [stdout]    --> /opt/rustwide/cargo-home/git/checkouts/ears-1d8f72d21c29ead8/f682453/src/music.rs:513:51
[INFO] [stdout]     |
[INFO] [stdout] 226 | impl AudioController for Music {
[INFO] [stdout]     |                                - while parsing this item list starting here
[INFO] [stdout] ...
[INFO] [stdout] 513 |     fn set_position(&mut self, position: [f32, ..3]) -> () {
[INFO] [stdout]     |                                                   ^ expected one of 9 possible tokens
[INFO] [stdout] ...
[INFO] [stdout] 662 | }
[INFO] [stdout]     | - the item list ends here
[INFO] [stdout] 
[INFO] [stdout] 
[INFO] [stdout] error: expected one of `!`, `(`, `+`, `::`, `;`, `<`, or `]`, found `,`
[INFO] [stdout]    --> /opt/rustwide/cargo-home/git/checkouts/ears-1d8f72d21c29ead8/f682453/src/audio_controller.rs:186:46
[INFO] [stdout]     |
[INFO] [stdout] 186 |     fn set_position(&mut self, position: [f32, ..3]) -> ();
[INFO] [stdout]     |                                              ^ expected one of 7 possible tokens
[INFO] [stdout] 
[INFO] [stdout] 
[INFO] [stdout] error: expected `:`, found `]`
[INFO] [stdout]    --> /opt/rustwide/cargo-home/git/checkouts/ears-1d8f72d21c29ead8/f682453/src/audio_controller.rs:186:51
[INFO] [stdout]     |
[INFO] [stdout] 186 |     fn set_position(&mut self, position: [f32, ..3]) -> ();
[INFO] [stdout]     |                                                   ^ expected `:`
[INFO] [stdout] 
[INFO] [stdout] 
[INFO] [stdout] error: expected one of `)`, `,`, `->`, `;`, `where`, or `{`, found `]`
[INFO] [stdout]    --> /opt/rustwide/cargo-home/git/checkouts/ears-1d8f72d21c29ead8/f682453/src/audio_controller.rs:186:51
[INFO] [stdout]     |
[INFO] [stdout] 27  | pub trait AudioController {
[INFO] [stdout]     |                           - while parsing this item list starting here
[INFO] [stdout] ...
[INFO] [stdout] 186 |     fn set_position(&mut self, position: [f32, ..3]) -> ();
[INFO] [stdout]     |                                                   ^ expected one of `)`, `,`, `->`, `;`, `where`, or `{`
[INFO] [stdout] ...
[INFO] [stdout] 282 | }
[INFO] [stdout]     | - the item list ends here
[INFO] [stdout] 
[INFO] [stdout] 
[INFO] [stdout] error: expected one of `)`, `,`, `.`, `?`, or an operator, found `{`
[INFO] [stdout]   --> /opt/rustwide/cargo-home/git/checkouts/ears-1d8f72d21c29ead8/f682453/src/recorder.rs:92:28
[INFO] [stdout]    |
[INFO] [stdout] 92 |         task::spawn(proc() {
[INFO] [stdout]    |                           -^ expected one of `)`, `,`, `.`, `?`, or an operator
[INFO] [stdout]    |                           |
[INFO] [stdout]    |                           help: missing `,`
[INFO] [stdout] 
[INFO] [stdout] 
[INFO] [stdout] error[E0432]: unresolved imports `states::Initial`, `states::Playing`, `states::Paused`, `states::Stopped`
[INFO] [stdout]    --> /opt/rustwide/cargo-home/git/checkouts/ears-1d8f72d21c29ead8/f682453/src/ears.rs:108:25
[INFO] [stdout]     |
[INFO] [stdout] 108 | pub use states::{State, Initial, Playing, Paused, Stopped};
[INFO] [stdout]     |                         ^^^^^^^  ^^^^^^^  ^^^^^^  ^^^^^^^ no `Stopped` in `states`
[INFO] [stdout]     |                         |        |        |
[INFO] [stdout]     |                         |        |        no `Paused` in `states`
[INFO] [stdout]     |                         |        no `Playing` in `states`
[INFO] [stdout]     |                         no `Initial` in `states`
[INFO] [stdout] 
[INFO] [stdout] 
[INFO] [stdout] error[E0432]: unresolved import `std::c_str`
[INFO] [stdout]   --> /opt/rustwide/cargo-home/git/checkouts/ears-1d8f72d21c29ead8/f682453/src/sndfile.rs:36:10
[INFO] [stdout]    |
[INFO] [stdout] 36 | use std::c_str::CString;
[INFO] [stdout]    |          ^^^^^ could not find `c_str` in `std`
[INFO] [stdout] 
[INFO] [stdout] 
[INFO] [stdout] error[E0432]: unresolved imports `states::Initial`, `states::Playing`, `states::Paused`, `states::Stopped`
[INFO] [stdout]   --> /opt/rustwide/cargo-home/git/checkouts/ears-1d8f72d21c29ead8/f682453/src/sound.rs:31:21
[INFO] [stdout]    |
[INFO] [stdout] 31 | use states::{State, Initial, Playing, Paused, Stopped};
[INFO] [stdout]    |                     ^^^^^^^  ^^^^^^^  ^^^^^^  ^^^^^^^ no `Stopped` in `states`
[INFO] [stdout]    |                     |        |        |
[INFO] [stdout]    |                     |        |        no `Paused` in `states`
[INFO] [stdout]    |                     |        no `Playing` in `states`
[INFO] [stdout]    |                     no `Initial` in `states`
[INFO] [stdout] 
[INFO] [stdout] 
[INFO] [stdout] error[E0432]: unresolved import `std::io::timer`
[INFO] [stdout]   --> /opt/rustwide/cargo-home/git/checkouts/ears-1d8f72d21c29ead8/f682453/src/music.rs:24:14
[INFO] [stdout]    |
[INFO] [stdout] 24 | use std::io::timer::sleep;
[INFO] [stdout]    |              ^^^^^ could not find `timer` in `io`
[INFO] [stdout] 
[INFO] [stdout] 
[INFO] [stdout] error[E0432]: unresolved imports `sndfile::Read`, `sndfile::SeekSet`
[INFO] [stdout]   --> /opt/rustwide/cargo-home/git/checkouts/ears-1d8f72d21c29ead8/f682453/src/music.rs:33:33
[INFO] [stdout]    |
[INFO] [stdout] 33 | use sndfile::{SndInfo, SndFile, Read, SeekSet};
[INFO] [stdout]    |                                 ^^^^  ^^^^^^^ no `SeekSet` in `sndfile`
[INFO] [stdout]    |                                 |
[INFO] [stdout]    |                                 no `Read` in `sndfile`
[INFO] [stdout] 
[INFO] [stdout] 
[INFO] [stdout] error[E0432]: unresolved imports `states::Initial`, `states::Playing`, `states::Paused`, `states::Stopped`
[INFO] [stdout]   --> /opt/rustwide/cargo-home/git/checkouts/ears-1d8f72d21c29ead8/f682453/src/music.rs:34:21
[INFO] [stdout]    |
[INFO] [stdout] 34 | use states::{State, Initial, Playing, Paused, Stopped};
[INFO] [stdout]    |                     ^^^^^^^  ^^^^^^^  ^^^^^^  ^^^^^^^ no `Stopped` in `states`
[INFO] [stdout]    |                     |        |        |
[INFO] [stdout]    |                     |        |        no `Paused` in `states`
[INFO] [stdout]    |                     |        no `Playing` in `states`
[INFO] [stdout]    |                     no `Initial` in `states`
[INFO] [stdout] 
[INFO] [stdout] 
[INFO] [stdout] error[E0432]: unresolved import `sndfile::Read`
[INFO] [stdout]   --> /opt/rustwide/cargo-home/git/checkouts/ears-1d8f72d21c29ead8/f682453/src/sound_data.rs:29:33
[INFO] [stdout]    |
[INFO] [stdout] 29 | use sndfile::{SndFile, SndInfo, Read};
[INFO] [stdout]    |                                 ^^^^ no `Read` in `sndfile`
[INFO] [stdout] 
[INFO] [stdout] 
[INFO] [stdout] error[E0432]: unresolved imports `sndfile::Title`, `sndfile::Copyright`, `sndfile::Software`, `sndfile::Artist`, `sndfile::Comment`, `sndfile::Date`, `sndfile::Album`, `sndfile::License`, `sndfile::TrackNumber`, `sndfile::Genre`
[INFO] [stdout]   --> /opt/rustwide/cargo-home/git/checkouts/ears-1d8f72d21c29ead8/f682453/src/audio_tags.rs:24:24
[INFO] [stdout]    |
[INFO] [stdout] 24 | use sndfile::{SndFile, Title, Copyright, Software, Artist, Comment, Date,
[INFO] [stdout]    |                        ^^^^^  ^^^^^^^^^  ^^^^^^^^  ^^^^^^  ^^^^^^^  ^^^^ no `Date` in `sndfile`
[INFO] [stdout]    |                        |      |          |         |       |
[INFO] [stdout]    |                        |      |          |         |       no `Comment` in `sndfile`
[INFO] [stdout]    |                        |      |          |         no `Artist` in `sndfile`
[INFO] [stdout]    |                        |      |          no `Software` in `sndfile`
[INFO] [stdout]    |                        |      no `Copyright` in `sndfile`
[INFO] [stdout]    |                        no `Title` in `sndfile`
[INFO] [stdout] 25 |               Album, License, TrackNumber, Genre};
[INFO] [stdout]    |               ^^^^^  ^^^^^^^  ^^^^^^^^^^^  ^^^^^ no `Genre` in `sndfile`
[INFO] [stdout]    |               |      |        |
[INFO] [stdout]    |               |      |        no `TrackNumber` in `sndfile`
[INFO] [stdout]    |               |      no `License` in `sndfile`
[INFO] [stdout]    |               no `Album` in `sndfile`
[INFO] [stdout] 
[INFO] [stdout] 
[INFO] [stdout] error[E0432]: unresolved imports `sndfile::FormatWav`, `sndfile::FormatPcm16`, `sndfile::Write`
[INFO] [stdout]   --> /opt/rustwide/cargo-home/git/checkouts/ears-1d8f72d21c29ead8/f682453/src/recorder.rs:32:33
[INFO] [stdout]    |
[INFO] [stdout] 32 | use sndfile::{SndInfo, SndFile, FormatWav, FormatPcm16, Write};
[INFO] [stdout]    |                                 ^^^^^^^^^  ^^^^^^^^^^^  ^^^^^ no `Write` in `sndfile`
[INFO] [stdout]    |                                 |          |
[INFO] [stdout]    |                                 |          no `FormatPcm16` in `sndfile`
[INFO] [stdout]    |                                 no `FormatWav` in `sndfile`
[INFO] [stdout] 
[INFO] [stdout] 
[INFO] [stdout] error: cannot find attribute `desc` in this scope
[INFO] [stdout]   --> /opt/rustwide/cargo-home/git/checkouts/ears-1d8f72d21c29ead8/f682453/src/ears.rs:93:4
[INFO] [stdout]    |
[INFO] [stdout] 93 | #![desc = "Easy Api in Rust for Sounds"]
[INFO] [stdout]    |    ^^^^
[INFO] [stdout] 
[INFO] [stdout] 
[INFO] [stdout] error: cannot find attribute `license` in this scope
[INFO] [stdout]   --> /opt/rustwide/cargo-home/git/checkouts/ears-1d8f72d21c29ead8/f682453/src/ears.rs:94:4
[INFO] [stdout]    |
[INFO] [stdout] 94 | #![license = "MIT"]
[INFO] [stdout]    |    ^^^^^^^
[INFO] [stdout] 
[INFO] [stdout] 
[INFO] [stdout] error: cannot find macro `local_data_key` in this scope
[INFO] [stdout]   --> /opt/rustwide/cargo-home/git/checkouts/ears-1d8f72d21c29ead8/f682453/src/internal.rs:38:1
[INFO] [stdout]    |
[INFO] [stdout] 38 | local_data_key!(al_context: RefCell<Box<OpenAlData>>)
[INFO] [stdout]    | ^^^^^^^^^^^^^^
[INFO] [stdout] 
[INFO] [stdout] 
[INFO] [stdout] error: cannot find attribute `deriving` in this scope
[INFO] [stdout]   --> /opt/rustwide/cargo-home/git/checkouts/ears-1d8f72d21c29ead8/f682453/src/internal.rs:40:3
[INFO] [stdout]    |
[INFO] [stdout] 40 | #[deriving(Clone)]
[INFO] [stdout]    |   ^^^^^^^^
[INFO] [stdout] 
[INFO] [stdout] 
[INFO] [stdout] error: cannot find attribute `deriving` in this scope
[INFO] [stdout]   --> /opt/rustwide/cargo-home/git/checkouts/ears-1d8f72d21c29ead8/f682453/src/sndfile.rs:52:3
[INFO] [stdout]    |
[INFO] [stdout] 52 | #[deriving(Clone)]
[INFO] [stdout]    |   ^^^^^^^^
[INFO] [stdout] 
[INFO] [stdout] 
[INFO] [stdout] error: cannot find attribute `deriving` in this scope
[INFO] [stdout]    --> /opt/rustwide/cargo-home/git/checkouts/ears-1d8f72d21c29ead8/f682453/src/sndfile.rs:164:3
[INFO] [stdout]     |
[INFO] [stdout] 164 | #[deriving(Show, Clone, PartialOrd, PartialEq)]
[INFO] [stdout]     |   ^^^^^^^^
[INFO] [stdout] 
[INFO] [stdout] 
[INFO] [stdout] error: cannot find attribute `unsafe_destructor` in this scope
[INFO] [stdout]    --> /opt/rustwide/cargo-home/git/checkouts/ears-1d8f72d21c29ead8/f682453/src/sound.rs:692:3
[INFO] [stdout]     |
[INFO] [stdout] 692 | #[unsafe_destructor]
[INFO] [stdout]     |   ^^^^^^^^^^^^^^^^^
[INFO] [stdout] 
[INFO] [stdout] 
[INFO] [stdout] error: cannot find attribute `deriving` in this scope
[INFO] [stdout]   --> /opt/rustwide/cargo-home/git/checkouts/ears-1d8f72d21c29ead8/f682453/src/states.rs:25:3
[INFO] [stdout]    |
[INFO] [stdout] 25 | #[deriving(Clone, PartialEq, PartialOrd, Show)]
[INFO] [stdout]    |   ^^^^^^^^
[INFO] [stdout] 
[INFO] [stdout] 
[INFO] [stdout] error: cannot find attribute `deriving` in this scope
[INFO] [stdout]   --> /opt/rustwide/cargo-home/git/checkouts/ears-1d8f72d21c29ead8/f682453/src/audio_tags.rs:32:3
[INFO] [stdout]    |
[INFO] [stdout] 32 | #[deriving(Clone, Show, PartialEq)]
[INFO] [stdout]    |   ^^^^^^^^
[INFO] [stdout] 
[INFO] [stdout] 
[INFO] [stdout] error: cannot find attribute `deriving` in this scope
[INFO] [stdout]   --> /opt/rustwide/cargo-home/git/checkouts/ears-1d8f72d21c29ead8/f682453/src/record_context.rs:27:3
[INFO] [stdout]    |
[INFO] [stdout] 27 | #[deriving(Clone, PartialEq, Show)]
[INFO] [stdout]    |   ^^^^^^^^
[INFO] [stdout] 
[INFO] [stdout] 
[INFO] [stdout] error[E0425]: cannot find value `al_context` in this scope
[INFO] [stdout]   --> /opt/rustwide/cargo-home/git/checkouts/ears-1d8f72d21c29ead8/f682453/src/internal.rs:90:15
[INFO] [stdout]    |
[INFO] [stdout] 90 |         match al_context.get() {
[INFO] [stdout]    |               ^^^^^^^^^^ a field by this name exists in `Self`
[INFO] [stdout] 
[INFO] [stdout] 
[INFO] [stdout] error[E0425]: cannot find value `al_context` in this scope
[INFO] [stdout]   --> /opt/rustwide/cargo-home/git/checkouts/ears-1d8f72d21c29ead8/f682453/src/internal.rs:95:25
[INFO] [stdout]    |
[INFO] [stdout] 95 |                         al_context.replace(Some(RefCell::new(box al_data))); Ok(())
[INFO] [stdout]    |                         ^^^^^^^^^^ a field by this name exists in `Self`
[INFO] [stdout] 
[INFO] [stdout] 
[INFO] [stdout] error[E0425]: cannot find value `al_context` in this scope
[INFO] [stdout]    --> /opt/rustwide/cargo-home/git/checkouts/ears-1d8f72d21c29ead8/f682453/src/internal.rs:104:23
[INFO] [stdout]     |
[INFO] [stdout] 104 |         let is_some = al_context.get().is_some();
[INFO] [stdout]     |                       ^^^^^^^^^^ a field by this name exists in `Self`
[INFO] [stdout] 
[INFO] [stdout] 
[INFO] [stdout] error[E0425]: cannot find value `al_context` in this scope
[INFO] [stdout]    --> /opt/rustwide/cargo-home/git/checkouts/ears-1d8f72d21c29ead8/f682453/src/internal.rs:106:38
[INFO] [stdout]     |
[INFO] [stdout] 106 |             let mut new_context = *(*al_context.get().unwrap()).borrow().clone();
[INFO] [stdout]     |                                      ^^^^^^^^^^ a field by this name exists in `Self`
[INFO] [stdout] 
[INFO] [stdout] 
[INFO] [stdout] error[E0425]: cannot find value `al_context` in this scope
[INFO] [stdout]    --> /opt/rustwide/cargo-home/git/checkouts/ears-1d8f72d21c29ead8/f682453/src/internal.rs:123:25
[INFO] [stdout]     |
[INFO] [stdout] 123 |                         al_context.replace(Some(RefCell::new(box new_context)));
[INFO] [stdout]     |                         ^^^^^^^^^^ a field by this name exists in `Self`
[INFO] [stdout] 
[INFO] [stdout] 
[INFO] [stdout] error[E0412]: cannot find type `int` in this scope
[INFO] [stdout]   --> /opt/rustwide/cargo-home/git/checkouts/ears-1d8f72d21c29ead8/f682453/src/sndfile.rs:68:35
[INFO] [stdout]    |
[INFO] [stdout] 68 |     Read       = ffi::SFM_READ as int,
[INFO] [stdout]    |                                   ^^^
[INFO] [stdout]    |                                   |
[INFO] [stdout]    |                                   not found in this scope
[INFO] [stdout]    |                                   help: perhaps you intended to use this type: `i32`
[INFO] [stdout] 
[INFO] [stdout] 
[INFO] [stdout] error[E0412]: cannot find type `int` in this scope
[INFO] [stdout]   --> /opt/rustwide/cargo-home/git/checkouts/ears-1d8f72d21c29ead8/f682453/src/sndfile.rs:69:36
[INFO] [stdout]    |
[INFO] [stdout] 69 |     Write      = ffi::SFM_WRITE as int,
[INFO] [stdout]    |                                    ^^^
[INFO] [stdout]    |                                    |
[INFO] [stdout]    |                                    not found in this scope
[INFO] [stdout]    |                                    help: perhaps you intended to use this type: `i32`
[INFO] [stdout] 
[INFO] [stdout] 
[INFO] [stdout] error[E0412]: cannot find type `int` in this scope
[INFO] [stdout]   --> /opt/rustwide/cargo-home/git/checkouts/ears-1d8f72d21c29ead8/f682453/src/sndfile.rs:70:35
[INFO] [stdout]    |
[INFO] [stdout] 70 |     ReadWrite  = ffi::SFM_RDWR as int
[INFO] [stdout]    |                                   ^^^
[INFO] [stdout]    |                                   |
[INFO] [stdout]    |                                   not found in this scope
[INFO] [stdout]    |                                   help: perhaps you intended to use this type: `i32`
[INFO] [stdout] 
[INFO] [stdout] 
[INFO] [stdout] error[E0412]: cannot find type `int` in this scope
[INFO] [stdout]   --> /opt/rustwide/cargo-home/git/checkouts/ears-1d8f72d21c29ead8/f682453/src/sndfile.rs:75:40
[INFO] [stdout]    |
[INFO] [stdout] 75 |     Title       = ffi::SF_STR_TITLE as int,
[INFO] [stdout]    |                                        ^^^
[INFO] [stdout]    |                                        |
[INFO] [stdout]    |                                        not found in this scope
[INFO] [stdout]    |                                        help: perhaps you intended to use this type: `i32`
[INFO] [stdout] 
[INFO] [stdout] 
[INFO] [stdout] error[E0412]: cannot find type `int` in this scope
[INFO] [stdout]   --> /opt/rustwide/cargo-home/git/checkouts/ears-1d8f72d21c29ead8/f682453/src/sndfile.rs:76:44
[INFO] [stdout]    |
[INFO] [stdout] 76 |     Copyright   = ffi::SF_STR_COPYRIGHT as int,
[INFO] [stdout]    |                                            ^^^
[INFO] [stdout]    |                                            |
[INFO] [stdout]    |                                            not found in this scope
[INFO] [stdout]    |                                            help: perhaps you intended to use this type: `i32`
[INFO] [stdout] 
[INFO] [stdout] 
[INFO] [stdout] error[E0412]: cannot find type `int` in this scope
[INFO] [stdout]   --> /opt/rustwide/cargo-home/git/checkouts/ears-1d8f72d21c29ead8/f682453/src/sndfile.rs:77:43
[INFO] [stdout]    |
[INFO] [stdout] 77 |     Software    = ffi::SF_STR_SOFTWARE as int,
[INFO] [stdout]    |                                           ^^^
[INFO] [stdout]    |                                           |
[INFO] [stdout]    |                                           not found in this scope
[INFO] [stdout]    |                                           help: perhaps you intended to use this type: `i32`
[INFO] [stdout] 
[INFO] [stdout] 
[INFO] [stdout] error[E0412]: cannot find type `int` in this scope
[INFO] [stdout]   --> /opt/rustwide/cargo-home/git/checkouts/ears-1d8f72d21c29ead8/f682453/src/sndfile.rs:78:41
[INFO] [stdout]    |
[INFO] [stdout] 78 |     Artist      = ffi::SF_STR_ARTIST as int,
[INFO] [stdout]    |                                         ^^^
[INFO] [stdout]    |                                         |
[INFO] [stdout]    |                                         not found in this scope
[INFO] [stdout]    |                                         help: perhaps you intended to use this type: `i32`
[INFO] [stdout] 
[INFO] [stdout] 
[INFO] [stdout] error[E0412]: cannot find type `int` in this scope
[INFO] [stdout]   --> /opt/rustwide/cargo-home/git/checkouts/ears-1d8f72d21c29ead8/f682453/src/sndfile.rs:79:42
[INFO] [stdout]    |
[INFO] [stdout] 79 |     Comment     = ffi::SF_STR_COMMENT as int,
[INFO] [stdout]    |                                          ^^^
[INFO] [stdout]    |                                          |
[INFO] [stdout]    |                                          not found in this scope
[INFO] [stdout]    |                                          help: perhaps you intended to use this type: `i32`
[INFO] [stdout] 
[INFO] [stdout] 
[INFO] [stdout] error[E0412]: cannot find type `int` in this scope
[INFO] [stdout]   --> /opt/rustwide/cargo-home/git/checkouts/ears-1d8f72d21c29ead8/f682453/src/sndfile.rs:80:39
[INFO] [stdout]    |
[INFO] [stdout] 80 |     Date        = ffi::SF_STR_DATE as int,
[INFO] [stdout]    |                                       ^^^
[INFO] [stdout]    |                                       |
[INFO] [stdout]    |                                       not found in this scope
[INFO] [stdout]    |                                       help: perhaps you intended to use this type: `i32`
[INFO] [stdout] 
[INFO] [stdout] 
[INFO] [stdout] error[E0412]: cannot find type `int` in this scope
[INFO] [stdout]   --> /opt/rustwide/cargo-home/git/checkouts/ears-1d8f72d21c29ead8/f682453/src/sndfile.rs:81:40
[INFO] [stdout]    |
[INFO] [stdout] 81 |     Album       = ffi::SF_STR_ALBUM as int,
[INFO] [stdout]    |                                        ^^^
[INFO] [stdout]    |                                        |
[INFO] [stdout]    |                                        not found in this scope
[INFO] [stdout]    |                                        help: perhaps you intended to use this type: `i32`
[INFO] [stdout] 
[INFO] [stdout] 
[INFO] [stdout] error[E0412]: cannot find type `int` in this scope
[INFO] [stdout]   --> /opt/rustwide/cargo-home/git/checkouts/ears-1d8f72d21c29ead8/f682453/src/sndfile.rs:82:42
[INFO] [stdout]    |
[INFO] [stdout] 82 |     License     = ffi::SF_STR_LICENSE as int,
[INFO] [stdout]    |                                          ^^^
[INFO] [stdout]    |                                          |
[INFO] [stdout]    |                                          not found in this scope
[INFO] [stdout]    |                                          help: perhaps you intended to use this type: `i32`
[INFO] [stdout] 
[INFO] [stdout] 
[INFO] [stdout] error[E0412]: cannot find type `int` in this scope
[INFO] [stdout]   --> /opt/rustwide/cargo-home/git/checkouts/ears-1d8f72d21c29ead8/f682453/src/sndfile.rs:83:46
[INFO] [stdout]    |
[INFO] [stdout] 83 |     TrackNumber = ffi::SF_STR_TRACKNUMBER as int,
[INFO] [stdout]    |                                              ^^^
[INFO] [stdout]    |                                              |
[INFO] [stdout]    |                                              not found in this scope
[INFO] [stdout]    |                                              help: perhaps you intended to use this type: `i32`
[INFO] [stdout] 
[INFO] [stdout] 
[INFO] [stdout] error[E0412]: cannot find type `int` in this scope
[INFO] [stdout]   --> /opt/rustwide/cargo-home/git/checkouts/ears-1d8f72d21c29ead8/f682453/src/sndfile.rs:84:40
[INFO] [stdout]    |
[INFO] [stdout] 84 |     Genre       = ffi::SF_STR_GENRE as int
[INFO] [stdout]    |                                        ^^^
[INFO] [stdout]    |                                        |
[INFO] [stdout]    |                                        not found in this scope
[INFO] [stdout]    |                                        help: perhaps you intended to use this type: `i32`
[INFO] [stdout] 
[INFO] [stdout] 
[INFO] [stdout] error[E0412]: cannot find type `int` in this scope
[INFO] [stdout]   --> /opt/rustwide/cargo-home/git/checkouts/ears-1d8f72d21c29ead8/f682453/src/sndfile.rs:90:51
[INFO] [stdout]    |
[INFO] [stdout] 90 |     NoError             = ffi::SF_ERR_NO_ERROR as int,
[INFO] [stdout]    |                                                   ^^^
[INFO] [stdout]    |                                                   |
[INFO] [stdout]    |                                                   not found in this scope
[INFO] [stdout]    |                                                   help: perhaps you intended to use this type: `i32`
[INFO] [stdout] 
[INFO] [stdout] 
[INFO] [stdout] error[E0412]: cannot find type `int` in this scope
[INFO] [stdout]   --> /opt/rustwide/cargo-home/git/checkouts/ears-1d8f72d21c29ead8/f682453/src/sndfile.rs:91:62
[INFO] [stdout]    |
[INFO] [stdout] 91 |     UnrecognizedFormat  = ffi::SF_ERR_UNRECOGNISED_FORMAT as int,
[INFO] [stdout]    |                                                              ^^^
[INFO] [stdout]    |                                                              |
[INFO] [stdout]    |                                                              not found in this scope
[INFO] [stdout]    |                                                              help: perhaps you intended to use this type: `i32`
[INFO] [stdout] 
[INFO] [stdout] 
[INFO] [stdout] error[E0412]: cannot find type `int` in this scope
[INFO] [stdout]   --> /opt/rustwide/cargo-home/git/checkouts/ears-1d8f72d21c29ead8/f682453/src/sndfile.rs:92:49
[INFO] [stdout]    |
[INFO] [stdout] 92 |     SystemError         = ffi::SF_ERR_SYSTEM as int,
[INFO] [stdout]    |                                                 ^^^
[INFO] [stdout]    |                                                 |
[INFO] [stdout]    |                                                 not found in this scope
[INFO] [stdout]    |                                                 help: perhaps you intended to use this type: `i32`
[INFO] [stdout] 
[INFO] [stdout] 
[INFO] [stdout] error[E0412]: cannot find type `int` in this scope
[INFO] [stdout]   --> /opt/rustwide/cargo-home/git/checkouts/ears-1d8f72d21c29ead8/f682453/src/sndfile.rs:93:57
[INFO] [stdout]    |
[INFO] [stdout] 93 |     MalformedFile       = ffi::SF_ERR_MALFORMED_FILE as int,
[INFO] [stdout]    |                                                         ^^^
[INFO] [stdout]    |                                                         |
[INFO] [stdout]    |                                                         not found in this scope
[INFO] [stdout]    |                                                         help: perhaps you intended to use this type: `i32`
[INFO] [stdout] 
[INFO] [stdout] 
[INFO] [stdout] error[E0412]: cannot find type `int` in this scope
[INFO] [stdout]   --> /opt/rustwide/cargo-home/git/checkouts/ears-1d8f72d21c29ead8/f682453/src/sndfile.rs:94:63
[INFO] [stdout]    |
[INFO] [stdout] 94 |     UnsupportedEncoding = ffi::SF_ERR_UNSUPPORTED_ENCODING as int,
[INFO] [stdout]    |                                                               ^^^
[INFO] [stdout]    |                                                               |
[INFO] [stdout]    |                                                               not found in this scope
[INFO] [stdout]    |                                                               help: perhaps you intended to use this type: `i32`
[INFO] [stdout] 
[INFO] [stdout] 
[INFO] [stdout] error[E0412]: cannot find type `int` in this scope
[INFO] [stdout]    --> /opt/rustwide/cargo-home/git/checkouts/ears-1d8f72d21c29ead8/f682453/src/sndfile.rs:104:32
[INFO] [stdout]     |
[INFO] [stdout] 104 |     SeekSet = ffi::SEEK_SET as int,
[INFO] [stdout]     |                                ^^^
[INFO] [stdout]     |                                |
[INFO] [stdout]     |                                not found in this scope
[INFO] [stdout]     |                                help: perhaps you intended to use this type: `i32`
[INFO] [stdout] 
[INFO] [stdout] 
[INFO] [stdout] error[E0412]: cannot find type `int` in this scope
[INFO] [stdout]    --> /opt/rustwide/cargo-home/git/checkouts/ears-1d8f72d21c29ead8/f682453/src/sndfile.rs:105:32
[INFO] [stdout]     |
[INFO] [stdout] 105 |     SeekCur = ffi::SEEK_CUR as int,
[INFO] [stdout]     |                                ^^^
[INFO] [stdout]     |                                |
[INFO] [stdout]     |                                not found in this scope
[INFO] [stdout]     |                                help: perhaps you intended to use this type: `i32`
[INFO] [stdout] 
[INFO] [stdout] 
[INFO] [stdout] error[E0412]: cannot find type `int` in this scope
[INFO] [stdout]    --> /opt/rustwide/cargo-home/git/checkouts/ears-1d8f72d21c29ead8/f682453/src/sndfile.rs:106:32
[INFO] [stdout]     |
[INFO] [stdout] 106 |     SeekEnd = ffi::SEEK_END as int
[INFO] [stdout]     |                                ^^^
[INFO] [stdout]     |                                |
[INFO] [stdout]     |                                not found in this scope
[INFO] [stdout]     |                                help: perhaps you intended to use this type: `i32`
[INFO] [stdout] 
[INFO] [stdout] 
[INFO] [stdout] error[E0412]: cannot find type `int` in this scope
[INFO] [stdout]    --> /opt/rustwide/cargo-home/git/checkouts/ears-1d8f72d21c29ead8/f682453/src/sndfile.rs:166:39
[INFO] [stdout]     |
[INFO] [stdout] 166 |     FormatWav = ffi::SF_FORMAT_WAV as int,
[INFO] [stdout]     |                                       ^^^
[INFO] [stdout]     |                                       |
[INFO] [stdout]     |                                       not found in this scope
[INFO] [stdout]     |                                       help: perhaps you intended to use this type: `i32`
[INFO] [stdout] 
[INFO] [stdout] 
[INFO] [stdout] error[E0412]: cannot find type `int` in this scope
[INFO] [stdout]    --> /opt/rustwide/cargo-home/git/checkouts/ears-1d8f72d21c29ead8/f682453/src/sndfile.rs:167:41
[INFO] [stdout]     |
[INFO] [stdout] 167 |     FormatAiff = ffi::SF_FORMAT_AIFF as int,
[INFO] [stdout]     |                                         ^^^
[INFO] [stdout]     |                                         |
[INFO] [stdout]     |                                         not found in this scope
[INFO] [stdout]     |                                         help: perhaps you intended to use this type: `i32`
[INFO] [stdout] 
[INFO] [stdout] 
[INFO] [stdout] error[E0412]: cannot find type `int` in this scope
[INFO] [stdout]    --> /opt/rustwide/cargo-home/git/checkouts/ears-1d8f72d21c29ead8/f682453/src/sndfile.rs:168:37
[INFO] [stdout]     |
[INFO] [stdout] 168 |     FormatAu = ffi::SF_FORMAT_AU as int,
[INFO] [stdout]     |                                     ^^^
[INFO] [stdout]     |                                     |
[INFO] [stdout]     |                                     not found in this scope
[INFO] [stdout]     |                                     help: perhaps you intended to use this type: `i32`
[INFO] [stdout] 
[INFO] [stdout] 
[INFO] [stdout] error[E0412]: cannot find type `int` in this scope
[INFO] [stdout]    --> /opt/rustwide/cargo-home/git/checkouts/ears-1d8f72d21c29ead8/f682453/src/sndfile.rs:169:39
[INFO] [stdout]     |
[INFO] [stdout] 169 |     FormatRaw = ffi::SF_FORMAT_RAW as int,
[INFO] [stdout]     |                                       ^^^
[INFO] [stdout]     |                                       |
[INFO] [stdout]     |                                       not found in this scope
[INFO] [stdout]     |                                       help: perhaps you intended to use this type: `i32`
[INFO] [stdout] 
[INFO] [stdout] 
[INFO] [stdout] error[E0412]: cannot find type `int` in this scope
[INFO] [stdout]    --> /opt/rustwide/cargo-home/git/checkouts/ears-1d8f72d21c29ead8/f682453/src/sndfile.rs:170:39
[INFO] [stdout]     |
[INFO] [stdout] 170 |     FormatPaf = ffi::SF_FORMAT_PAF as int,
[INFO] [stdout]     |                                       ^^^
[INFO] [stdout]     |                                       |
[INFO] [stdout]     |                                       not found in this scope
[INFO] [stdout]     |                                       help: perhaps you intended to use this type: `i32`
[INFO] [stdout] 
[INFO] [stdout] 
[INFO] [stdout] error[E0412]: cannot find type `int` in this scope
[INFO] [stdout]    --> /opt/rustwide/cargo-home/git/checkouts/ears-1d8f72d21c29ead8/f682453/src/sndfile.rs:171:39
[INFO] [stdout]     |
[INFO] [stdout] 171 |     FormatSvx = ffi::SF_FORMAT_SVX as int,
[INFO] [stdout]     |                                       ^^^
[INFO] [stdout]     |                                       |
[INFO] [stdout]     |                                       not found in this scope
[INFO] [stdout]     |                                       help: perhaps you intended to use this type: `i32`
[INFO] [stdout] 
[INFO] [stdout] 
[INFO] [stdout] error[E0412]: cannot find type `int` in this scope
[INFO] [stdout]    --> /opt/rustwide/cargo-home/git/checkouts/ears-1d8f72d21c29ead8/f682453/src/sndfile.rs:172:41
[INFO] [stdout]     |
[INFO] [stdout] 172 |     FormatNist = ffi::SF_FORMAT_NIST as int,
[INFO] [stdout]     |                                         ^^^
[INFO] [stdout]     |                                         |
[INFO] [stdout]     |                                         not found in this scope
[INFO] [stdout]     |                                         help: perhaps you intended to use this type: `i32`
[INFO] [stdout] 
[INFO] [stdout] 
[INFO] [stdout] error[E0412]: cannot find type `int` in this scope
[INFO] [stdout]    --> /opt/rustwide/cargo-home/git/checkouts/ears-1d8f72d21c29ead8/f682453/src/sndfile.rs:173:39
[INFO] [stdout]     |
[INFO] [stdout] 173 |     FormatVoc = ffi::SF_FORMAT_VOC as int,
[INFO] [stdout]     |                                       ^^^
[INFO] [stdout]     |                                       |
[INFO] [stdout]     |                                       not found in this scope
[INFO] [stdout]     |                                       help: perhaps you intended to use this type: `i32`
[INFO] [stdout] 
[INFO] [stdout] 
[INFO] [stdout] error[E0412]: cannot find type `int` in this scope
[INFO] [stdout]    --> /opt/rustwide/cargo-home/git/checkouts/ears-1d8f72d21c29ead8/f682453/src/sndfile.rs:174:43
[INFO] [stdout]     |
[INFO] [stdout] 174 |     FormatIrcam = ffi::SF_FORMAT_IRCAM as int,
[INFO] [stdout]     |                                           ^^^
[INFO] [stdout]     |                                           |
[INFO] [stdout]     |                                           not found in this scope
[INFO] [stdout]     |                                           help: perhaps you intended to use this type: `i32`
[INFO] [stdout] 
[INFO] [stdout] 
[INFO] [stdout] error[E0412]: cannot find type `int` in this scope
[INFO] [stdout]    --> /opt/rustwide/cargo-home/git/checkouts/ears-1d8f72d21c29ead8/f682453/src/sndfile.rs:175:39
[INFO] [stdout]     |
[INFO] [stdout] 175 |     FormatW64 = ffi::SF_FORMAT_W64 as int,
[INFO] [stdout]     |                                       ^^^
[INFO] [stdout]     |                                       |
[INFO] [stdout]     |                                       not found in this scope
[INFO] [stdout]     |                                       help: perhaps you intended to use this type: `i32`
[INFO] [stdout] 
[INFO] [stdout] 
[INFO] [stdout] error[E0412]: cannot find type `int` in this scope
[INFO] [stdout]    --> /opt/rustwide/cargo-home/git/checkouts/ears-1d8f72d21c29ead8/f682453/src/sndfile.rs:176:41
[INFO] [stdout]     |
[INFO] [stdout] 176 |     FormatMat4 = ffi::SF_FORMAT_MAT4 as int,
[INFO] [stdout]     |                                         ^^^
[INFO] [stdout]     |                                         |
[INFO] [stdout]     |                                         not found in this scope
[INFO] [stdout]     |                                         help: perhaps you intended to use this type: `i32`
[INFO] [stdout] 
[INFO] [stdout] 
[INFO] [stdout] error[E0412]: cannot find type `int` in this scope
[INFO] [stdout]    --> /opt/rustwide/cargo-home/git/checkouts/ears-1d8f72d21c29ead8/f682453/src/sndfile.rs:177:41
[INFO] [stdout]     |
[INFO] [stdout] 177 |     FormatMat5 = ffi::SF_FORMAT_MAT5 as int,
[INFO] [stdout]     |                                         ^^^
[INFO] [stdout]     |                                         |
[INFO] [stdout]     |                                         not found in this scope
[INFO] [stdout]     |                                         help: perhaps you intended to use this type: `i32`
[INFO] [stdout] 
[INFO] [stdout] 
[INFO] [stdout] error[E0412]: cannot find type `int` in this scope
[INFO] [stdout]    --> /opt/rustwide/cargo-home/git/checkouts/ears-1d8f72d21c29ead8/f682453/src/sndfile.rs:178:39
[INFO] [stdout]     |
[INFO] [stdout] 178 |     FormatPvf = ffi::SF_FORMAT_PVF as int,
[INFO] [stdout]     |                                       ^^^
[INFO] [stdout]     |                                       |
[INFO] [stdout]     |                                       not found in this scope
[INFO] [stdout]     |                                       help: perhaps you intended to use this type: `i32`
[INFO] [stdout] 
[INFO] [stdout] 
[INFO] [stdout] error[E0412]: cannot find type `int` in this scope
[INFO] [stdout]    --> /opt/rustwide/cargo-home/git/checkouts/ears-1d8f72d21c29ead8/f682453/src/sndfile.rs:179:37
[INFO] [stdout]     |
[INFO] [stdout] 179 |     FormatXi = ffi::SF_FORMAT_XI as int,
[INFO] [stdout]     |                                     ^^^
[INFO] [stdout]     |                                     |
[INFO] [stdout]     |                                     not found in this scope
[INFO] [stdout]     |                                     help: perhaps you intended to use this type: `i32`
[INFO] [stdout] 
[INFO] [stdout] 
[INFO] [stdout] error[E0412]: cannot find type `int` in this scope
[INFO] [stdout]    --> /opt/rustwide/cargo-home/git/checkouts/ears-1d8f72d21c29ead8/f682453/src/sndfile.rs:180:39
[INFO] [stdout]     |
[INFO] [stdout] 180 |     FormatHtk = ffi::SF_FORMAT_HTK as int,
[INFO] [stdout]     |                                       ^^^
[INFO] [stdout]     |                                       |
[INFO] [stdout]     |                                       not found in this scope
[INFO] [stdout]     |                                       help: perhaps you intended to use this type: `i32`
[INFO] [stdout] 
[INFO] [stdout] 
[INFO] [stdout] error[E0412]: cannot find type `int` in this scope
[INFO] [stdout]    --> /opt/rustwide/cargo-home/git/checkouts/ears-1d8f72d21c29ead8/f682453/src/sndfile.rs:181:39
[INFO] [stdout]     |
[INFO] [stdout] 181 |     FormatSds = ffi::SF_FORMAT_SDS as int,
[INFO] [stdout]     |                                       ^^^
[INFO] [stdout]     |                                       |
[INFO] [stdout]     |                                       not found in this scope
[INFO] [stdout]     |                                       help: perhaps you intended to use this type: `i32`
[INFO] [stdout] 
[INFO] [stdout] 
[INFO] [stdout] error[E0412]: cannot find type `int` in this scope
[INFO] [stdout]    --> /opt/rustwide/cargo-home/git/checkouts/ears-1d8f72d21c29ead8/f682453/src/sndfile.rs:182:39
[INFO] [stdout]     |
[INFO] [stdout] 182 |     FormatAvr = ffi::SF_FORMAT_AVR as int,
[INFO] [stdout]     |                                       ^^^
[INFO] [stdout]     |                                       |
[INFO] [stdout]     |                                       not found in this scope
[INFO] [stdout]     |                                       help: perhaps you intended to use this type: `i32`
[INFO] [stdout] 
[INFO] [stdout] 
[INFO] [stdout] error[E0412]: cannot find type `int` in this scope
[INFO] [stdout]    --> /opt/rustwide/cargo-home/git/checkouts/ears-1d8f72d21c29ead8/f682453/src/sndfile.rs:183:43
[INFO] [stdout]     |
[INFO] [stdout] 183 |     FormatWavex = ffi::SF_FORMAT_WAVEX as int,
[INFO] [stdout]     |                                           ^^^
[INFO] [stdout]     |                                           |
[INFO] [stdout]     |                                           not found in this scope
[INFO] [stdout]     |                                           help: perhaps you intended to use this type: `i32`
[INFO] [stdout] 
[INFO] [stdout] 
[INFO] [stdout] error[E0412]: cannot find type `int` in this scope
[INFO] [stdout]    --> /opt/rustwide/cargo-home/git/checkouts/ears-1d8f72d21c29ead8/f682453/src/sndfile.rs:184:39
[INFO] [stdout]     |
[INFO] [stdout] 184 |     FormatSd2 = ffi::SF_FORMAT_SD2 as int,
[INFO] [stdout]     |                                       ^^^
[INFO] [stdout]     |                                       |
[INFO] [stdout]     |                                       not found in this scope
[INFO] [stdout]     |                                       help: perhaps you intended to use this type: `i32`
[INFO] [stdout] 
[INFO] [stdout] 
[INFO] [stdout] error[E0412]: cannot find type `int` in this scope
[INFO] [stdout]    --> /opt/rustwide/cargo-home/git/checkouts/ears-1d8f72d21c29ead8/f682453/src/sndfile.rs:185:41
[INFO] [stdout]     |
[INFO] [stdout] 185 |     FormatFlac = ffi::SF_FORMAT_FLAC as int,
[INFO] [stdout]     |                                         ^^^
[INFO] [stdout]     |                                         |
[INFO] [stdout]     |                                         not found in this scope
[INFO] [stdout]     |                                         help: perhaps you intended to use this type: `i32`
[INFO] [stdout] 
[INFO] [stdout] 
[INFO] [stdout] error[E0412]: cannot find type `int` in this scope
[INFO] [stdout]    --> /opt/rustwide/cargo-home/git/checkouts/ears-1d8f72d21c29ead8/f682453/src/sndfile.rs:186:39
[INFO] [stdout]     |
[INFO] [stdout] 186 |     FormatCaf = ffi::SF_FORMAT_CAF as int,
[INFO] [stdout]     |                                       ^^^
[INFO] [stdout]     |                                       |
[INFO] [stdout]     |                                       not found in this scope
[INFO] [stdout]     |                                       help: perhaps you intended to use this type: `i32`
[INFO] [stdout] 
[INFO] [stdout] 
[INFO] [stdout] error[E0412]: cannot find type `int` in this scope
[INFO] [stdout]    --> /opt/rustwide/cargo-home/git/checkouts/ears-1d8f72d21c29ead8/f682453/src/sndfile.rs:187:39
[INFO] [stdout]     |
[INFO] [stdout] 187 |     FormatWve = ffi::SF_FORMAT_WVE as int,
[INFO] [stdout]     |                                       ^^^
[INFO] [stdout]     |                                       |
[INFO] [stdout]     |                                       not found in this scope
[INFO] [stdout]     |                                       help: perhaps you intended to use this type: `i32`
[INFO] [stdout] 
[INFO] [stdout] 
[INFO] [stdout] error[E0412]: cannot find type `int` in this scope
[INFO] [stdout]    --> /opt/rustwide/cargo-home/git/checkouts/ears-1d8f72d21c29ead8/f682453/src/sndfile.rs:188:39
[INFO] [stdout]     |
[INFO] [stdout] 188 |     FormatOgg = ffi::SF_FORMAT_OGG as int,
[INFO] [stdout]     |                                       ^^^
[INFO] [stdout]     |                                       |
[INFO] [stdout]     |                                       not found in this scope
[INFO] [stdout]     |                                       help: perhaps you intended to use this type: `i32`
[INFO] [stdout] 
[INFO] [stdout] 
[INFO] [stdout] error[E0412]: cannot find type `int` in this scope
[INFO] [stdout]    --> /opt/rustwide/cargo-home/git/checkouts/ears-1d8f72d21c29ead8/f682453/src/sndfile.rs:189:43
[INFO] [stdout]     |
[INFO] [stdout] 189 |     FormatMpc2k = ffi::SF_FORMAT_MPC2K as int,
[INFO] [stdout]     |                                           ^^^
[INFO] [stdout]     |                                           |
[INFO] [stdout]     |                                           not found in this scope
[INFO] [stdout]     |                                           help: perhaps you intended to use this type: `i32`
[INFO] [stdout] 
[INFO] [stdout] 
[INFO] [stdout] error[E0412]: cannot find type `int` in this scope
[INFO] [stdout]    --> /opt/rustwide/cargo-home/git/checkouts/ears-1d8f72d21c29ead8/f682453/src/sndfile.rs:190:41
[INFO] [stdout]     |
[INFO] [stdout] 190 |     FormatRf64 = ffi::SF_FORMAT_RF64 as int,
[INFO] [stdout]     |                                         ^^^
[INFO] [stdout]     |                                         |
[INFO] [stdout]     |                                         not found in this scope
[INFO] [stdout]     |                                         help: perhaps you intended to use this type: `i32`
[INFO] [stdout] 
[INFO] [stdout] 
[INFO] [stdout] error[E0412]: cannot find type `int` in this scope
[INFO] [stdout]    --> /opt/rustwide/cargo-home/git/checkouts/ears-1d8f72d21c29ead8/f682453/src/sndfile.rs:191:44
[INFO] [stdout]     |
[INFO] [stdout] 191 |     FormatPcmS8 = ffi::SF_FORMAT_PCM_S8 as int,
[INFO] [stdout]     |                                            ^^^
[INFO] [stdout]     |                                            |
[INFO] [stdout]     |                                            not found in this scope
[INFO] [stdout]     |                                            help: perhaps you intended to use this type: `i32`
[INFO] [stdout] 
[INFO] [stdout] 
[INFO] [stdout] error[E0412]: cannot find type `int` in this scope
[INFO] [stdout]    --> /opt/rustwide/cargo-home/git/checkouts/ears-1d8f72d21c29ead8/f682453/src/sndfile.rs:192:44
[INFO] [stdout]     |
[INFO] [stdout] 192 |     FormatPcm16 = ffi::SF_FORMAT_PCM_16 as int,
[INFO] [stdout]     |                                            ^^^
[INFO] [stdout]     |                                            |
[INFO] [stdout]     |                                            not found in this scope
[INFO] [stdout]     |                                            help: perhaps you intended to use this type: `i32`
[INFO] [stdout] 
[INFO] [stdout] 
[INFO] [stdout] error[E0412]: cannot find type `int` in this scope
[INFO] [stdout]    --> /opt/rustwide/cargo-home/git/checkouts/ears-1d8f72d21c29ead8/f682453/src/sndfile.rs:193:44
[INFO] [stdout]     |
[INFO] [stdout] 193 |     FormatPcm24 = ffi::SF_FORMAT_PCM_24 as int,
[INFO] [stdout]     |                                            ^^^
[INFO] [stdout]     |                                            |
[INFO] [stdout]     |                                            not found in this scope
[INFO] [stdout]     |                                            help: perhaps you intended to use this type: `i32`
[INFO] [stdout] 
[INFO] [stdout] 
[INFO] [stdout] error[E0412]: cannot find type `int` in this scope
[INFO] [stdout]    --> /opt/rustwide/cargo-home/git/checkouts/ears-1d8f72d21c29ead8/f682453/src/sndfile.rs:194:44
[INFO] [stdout]     |
[INFO] [stdout] 194 |     FormatPcm32 = ffi::SF_FORMAT_PCM_32 as int,
[INFO] [stdout]     |                                            ^^^
[INFO] [stdout]     |                                            |
[INFO] [stdout]     |                                            not found in this scope
[INFO] [stdout]     |                                            help: perhaps you intended to use this type: `i32`
[INFO] [stdout] 
[INFO] [stdout] 
[INFO] [stdout] error[E0412]: cannot find type `int` in this scope
[INFO] [stdout]    --> /opt/rustwide/cargo-home/git/checkouts/ears-1d8f72d21c29ead8/f682453/src/sndfile.rs:195:44
[INFO] [stdout]     |
[INFO] [stdout] 195 |     FormatPcmU8 = ffi::SF_FORMAT_PCM_U8 as int,
[INFO] [stdout]     |                                            ^^^
[INFO] [stdout]     |                                            |
[INFO] [stdout]     |                                            not found in this scope
[INFO] [stdout]     |                                            help: perhaps you intended to use this type: `i32`
[INFO] [stdout] 
[INFO] [stdout] 
[INFO] [stdout] error[E0412]: cannot find type `int` in this scope
[INFO] [stdout]    --> /opt/rustwide/cargo-home/git/checkouts/ears-1d8f72d21c29ead8/f682453/src/sndfile.rs:196:43
[INFO] [stdout]     |
[INFO] [stdout] 196 |     FormatFloat = ffi::SF_FORMAT_FLOAT as int,
[INFO] [stdout]     |                                           ^^^
[INFO] [stdout]     |                                           |
[INFO] [stdout]     |                                           not found in this scope
[INFO] [stdout]     |                                           help: perhaps you intended to use this type: `i32`
[INFO] [stdout] 
[INFO] [stdout] 
[INFO] [stdout] error[E0412]: cannot find type `int` in this scope
[INFO] [stdout]    --> /opt/rustwide/cargo-home/git/checkouts/ears-1d8f72d21c29ead8/f682453/src/sndfile.rs:197:45
[INFO] [stdout]     |
[INFO] [stdout] 197 |     FormatDouble = ffi::SF_FORMAT_DOUBLE as int,
[INFO] [stdout]     |                                             ^^^
[INFO] [stdout]     |                                             |
[INFO] [stdout]     |                                             not found in this scope
[INFO] [stdout]     |                                             help: perhaps you intended to use this type: `i32`
[INFO] [stdout] 
[INFO] [stdout] 
[INFO] [stdout] error[E0412]: cannot find type `int` in this scope
[INFO] [stdout]    --> /opt/rustwide/cargo-home/git/checkouts/ears-1d8f72d21c29ead8/f682453/src/sndfile.rs:198:41
[INFO] [stdout]     |
[INFO] [stdout] 198 |     FormatUlaw = ffi::SF_FORMAT_ULAW as int,
[INFO] [stdout]     |                                         ^^^
[INFO] [stdout]     |                                         |
[INFO] [stdout]     |                                         not found in this scope
[INFO] [stdout]     |                                         help: perhaps you intended to use this type: `i32`
[INFO] [stdout] 
[INFO] [stdout] 
[INFO] [stdout] error[E0412]: cannot find type `int` in this scope
[INFO] [stdout]    --> /opt/rustwide/cargo-home/git/checkouts/ears-1d8f72d21c29ead8/f682453/src/sndfile.rs:199:41
[INFO] [stdout]     |
[INFO] [stdout] 199 |     FormatAlaw = ffi::SF_FORMAT_ALAW as int,
[INFO] [stdout]     |                                         ^^^
[INFO] [stdout]     |                                         |
[INFO] [stdout]     |                                         not found in this scope
[INFO] [stdout]     |                                         help: perhaps you intended to use this type: `i32`
[INFO] [stdout] 
[INFO] [stdout] 
[INFO] [stdout] error[E0412]: cannot find type `int` in this scope
[INFO] [stdout]    --> /opt/rustwide/cargo-home/git/checkouts/ears-1d8f72d21c29ead8/f682453/src/sndfile.rs:200:50
[INFO] [stdout]     |
[INFO] [stdout] 200 |     FormatImaAdpcm = ffi::SF_FORMAT_IMA_ADPCM as int,
[INFO] [stdout]     |                                                  ^^^
[INFO] [stdout]     |                                                  |
[INFO] [stdout]     |                                                  not found in this scope
[INFO] [stdout]     |                                                  help: perhaps you intended to use this type: `i32`
[INFO] [stdout] 
[INFO] [stdout] 
[INFO] [stdout] error[E0412]: cannot find type `int` in this scope
[INFO] [stdout]    --> /opt/rustwide/cargo-home/git/checkouts/ears-1d8f72d21c29ead8/f682453/src/sndfile.rs:201:46
[INFO] [stdout]     |
[INFO] [stdout] 201 |     FormatApcm = ffi::SF_FORMAT_MS_ADPCM  as int,
[INFO] [stdout]     |                                              ^^^
[INFO] [stdout]     |                                              |
[INFO] [stdout]     |                                              not found in this scope
[INFO] [stdout]     |                                              help: perhaps you intended to use this type: `i32`
[INFO] [stdout] 
[INFO] [stdout] 
[INFO] [stdout] error[E0412]: cannot find type `int` in this scope
[INFO] [stdout]    --> /opt/rustwide/cargo-home/git/checkouts/ears-1d8f72d21c29ead8/f682453/src/sndfile.rs:202:45
[INFO] [stdout]     |
[INFO] [stdout] 202 |     FormatGsm610 = ffi::SF_FORMAT_GSM610 as int,
[INFO] [stdout]     |                                             ^^^
[INFO] [stdout]     |                                             |
[INFO] [stdout]     |                                             not found in this scope
[INFO] [stdout]     |                                             help: perhaps you intended to use this type: `i32`
[INFO] [stdout] 
[INFO] [stdout] 
[INFO] [stdout] error[E0412]: cannot find type `int` in this scope
[INFO] [stdout]    --> /opt/rustwide/cargo-home/git/checkouts/ears-1d8f72d21c29ead8/f682453/src/sndfile.rs:203:50
[INFO] [stdout]     |
[INFO] [stdout] 203 |     FormatVoxAdpcm = ffi::SF_FORMAT_VOX_ADPCM as int,
[INFO] [stdout]     |                                                  ^^^
[INFO] [stdout]     |                                                  |
[INFO] [stdout]     |                                                  not found in this scope
[INFO] [stdout]     |                                                  help: perhaps you intended to use this type: `i32`
[INFO] [stdout] 
[INFO] [stdout] 
[INFO] [stdout] error[E0412]: cannot find type `int` in this scope
[INFO] [stdout]    --> /opt/rustwide/cargo-home/git/checkouts/ears-1d8f72d21c29ead8/f682453/src/sndfile.rs:204:46
[INFO] [stdout]     |
[INFO] [stdout] 204 |     FormatG72132 = ffi::SF_FORMAT_G721_32 as int,
[INFO] [stdout]     |                                              ^^^
[INFO] [stdout]     |                                              |
[INFO] [stdout]     |                                              not found in this scope
[INFO] [stdout]     |                                              help: perhaps you intended to use this type: `i32`
[INFO] [stdout] 
[INFO] [stdout] 
[INFO] [stdout] error[E0412]: cannot find type `int` in this scope
[INFO] [stdout]    --> /opt/rustwide/cargo-home/git/checkouts/ears-1d8f72d21c29ead8/f682453/src/sndfile.rs:205:46
[INFO] [stdout]     |
[INFO] [stdout] 205 |     FormatG72324 = ffi::SF_FORMAT_G723_24 as int,
[INFO] [stdout]     |                                              ^^^
[INFO] [stdout]     |                                              |
[INFO] [stdout]     |                                              not found in this scope
[INFO] [stdout]     |                                              help: perhaps you intended to use this type: `i32`
[INFO] [stdout] 
[INFO] [stdout] 
[INFO] [stdout] error[E0412]: cannot find type `int` in this scope
[INFO] [stdout]    --> /opt/rustwide/cargo-home/git/checkouts/ears-1d8f72d21c29ead8/f682453/src/sndfile.rs:206:46
[INFO] [stdout]     |
[INFO] [stdout] 206 |     FormatG72340 = ffi::SF_FORMAT_G723_40 as int,
[INFO] [stdout]     |                                              ^^^
[INFO] [stdout]     |                                              |
[INFO] [stdout]     |                                              not found in this scope
[INFO] [stdout]     |                                              help: perhaps you intended to use this type: `i32`
[INFO] [stdout] 
[INFO] [stdout] 
[INFO] [stdout] error[E0412]: cannot find type `int` in this scope
[INFO] [stdout]    --> /opt/rustwide/cargo-home/git/checkouts/ears-1d8f72d21c29ead8/f682453/src/sndfile.rs:207:45
[INFO] [stdout]     |
[INFO] [stdout] 207 |     FormatDww12 = ffi::SF_FORMAT_DWVW_12 as int,
[INFO] [stdout]     |                                             ^^^
[INFO] [stdout]     |                                             |
[INFO] [stdout]     |                                             not found in this scope
[INFO] [stdout]     |                                             help: perhaps you intended to use this type: `i32`
[INFO] [stdout] 
[INFO] [stdout] 
[INFO] [stdout] error[E0412]: cannot find type `int` in this scope
[INFO] [stdout]    --> /opt/rustwide/cargo-home/git/checkouts/ears-1d8f72d21c29ead8/f682453/src/sndfile.rs:208:45
[INFO] [stdout]     |
[INFO] [stdout] 208 |     FormatDww16 = ffi::SF_FORMAT_DWVW_16 as int,
[INFO] [stdout]     |                                             ^^^
[INFO] [stdout]     |                                             |
[INFO] [stdout]     |                                             not found in this scope
[INFO] [stdout]     |                                             help: perhaps you intended to use this type: `i32`
[INFO] [stdout] 
[INFO] [stdout] 
[INFO] [stdout] error[E0412]: cannot find type `int` in this scope
[INFO] [stdout]    --> /opt/rustwide/cargo-home/git/checkouts/ears-1d8f72d21c29ead8/f682453/src/sndfile.rs:209:45
[INFO] [stdout]     |
[INFO] [stdout] 209 |     FormatDww24 = ffi::SF_FORMAT_DWVW_24 as int,
[INFO] [stdout]     |                                             ^^^
[INFO] [stdout]     |                                             |
[INFO] [stdout]     |                                             not found in this scope
[INFO] [stdout]     |                                             help: perhaps you intended to use this type: `i32`
[INFO] [stdout] 
[INFO] [stdout] 
[INFO] [stdout] error[E0412]: cannot find type `int` in this scope
[INFO] [stdout]    --> /opt/rustwide/cargo-home/git/checkouts/ears-1d8f72d21c29ead8/f682453/src/sndfile.rs:210:43
[INFO] [stdout]     |
[INFO] [stdout] 210 |     FormatDwwN = ffi::SF_FORMAT_DWVW_N as int,
[INFO] [stdout]     |                                           ^^^
[INFO] [stdout]     |                                           |
[INFO] [stdout]     |                                           not found in this scope
[INFO] [stdout]     |                                           help: perhaps you intended to use this type: `i32`
[INFO] [stdout] 
[INFO] [stdout] 
[INFO] [stdout] error[E0412]: cannot find type `int` in this scope
[INFO] [stdout]    --> /opt/rustwide/cargo-home/git/checkouts/ears-1d8f72d21c29ead8/f682453/src/sndfile.rs:211:44
[INFO] [stdout]     |
[INFO] [stdout] 211 |     FormatDpcm8 = ffi::SF_FORMAT_DPCM_8 as int,
[INFO] [stdout]     |                                            ^^^
[INFO] [stdout]     |                                            |
[INFO] [stdout]     |                                            not found in this scope
[INFO] [stdout]     |                                            help: perhaps you intended to use this type: `i32`
[INFO] [stdout] 
[INFO] [stdout] 
[INFO] [stdout] error[E0412]: cannot find type `int` in this scope
[INFO] [stdout]    --> /opt/rustwide/cargo-home/git/checkouts/ears-1d8f72d21c29ead8/f682453/src/sndfile.rs:212:46
[INFO] [stdout]     |
[INFO] [stdout] 212 |     FormatDpcm16 = ffi::SF_FORMAT_DPCM_16 as int,
[INFO] [stdout]     |                                              ^^^
[INFO] [stdout]     |                                              |
[INFO] [stdout]     |                                              not found in this scope
[INFO] [stdout]     |                                              help: perhaps you intended to use this type: `i32`
[INFO] [stdout] 
[INFO] [stdout] 
[INFO] [stdout] error[E0412]: cannot find type `int` in this scope
[INFO] [stdout]    --> /opt/rustwide/cargo-home/git/checkouts/ears-1d8f72d21c29ead8/f682453/src/sndfile.rs:213:45
[INFO] [stdout]     |
[INFO] [stdout] 213 |     FormatVorbis = ffi::SF_FORMAT_VORBIS as int,
[INFO] [stdout]     |                                             ^^^
[INFO] [stdout]     |                                             |
[INFO] [stdout]     |                                             not found in this scope
[INFO] [stdout]     |                                             help: perhaps you intended to use this type: `i32`
[INFO] [stdout] 
[INFO] [stdout] 
[INFO] [stdout] error[E0412]: cannot find type `int` in this scope
[INFO] [stdout]    --> /opt/rustwide/cargo-home/git/checkouts/ears-1d8f72d21c29ead8/f682453/src/sndfile.rs:214:41
[INFO] [stdout]     |
[INFO] [stdout] 214 |     EndianFile = ffi::SF_ENDIAN_FILE as int,
[INFO] [stdout]     |                                         ^^^
[INFO] [stdout]     |                                         |
[INFO] [stdout]     |                                         not found in this scope
[INFO] [stdout]     |                                         help: perhaps you intended to use this type: `i32`
[INFO] [stdout] 
[INFO] [stdout] 
[INFO] [stdout] error[E0412]: cannot find type `int` in this scope
[INFO] [stdout]    --> /opt/rustwide/cargo-home/git/checkouts/ears-1d8f72d21c29ead8/f682453/src/sndfile.rs:215:45
[INFO] [stdout]     |
[INFO] [stdout] 215 |     EndianLittle = ffi::SF_ENDIAN_LITTLE as int,
[INFO] [stdout]     |                                             ^^^
[INFO] [stdout]     |                                             |
[INFO] [stdout]     |                                             not found in this scope
[INFO] [stdout]     |                                             help: perhaps you intended to use this type: `i32`
[INFO] [stdout] 
[INFO] [stdout] 
[INFO] [stdout] error[E0412]: cannot find type `int` in this scope
[INFO] [stdout]    --> /opt/rustwide/cargo-home/git/checkouts/ears-1d8f72d21c29ead8/f682453/src/sndfile.rs:216:39
[INFO] [stdout]     |
[INFO] [stdout] 216 |     EndianBig = ffi::SF_ENDIAN_BIG as int,
[INFO] [stdout]     |                                       ^^^
[INFO] [stdout]     |                                       |
[INFO] [stdout]     |                                       not found in this scope
[INFO] [stdout]     |                                       help: perhaps you intended to use this type: `i32`
[INFO] [stdout] 
[INFO] [stdout] 
[INFO] [stdout] error[E0412]: cannot find type `int` in this scope
[INFO] [stdout]    --> /opt/rustwide/cargo-home/git/checkouts/ears-1d8f72d21c29ead8/f682453/src/sndfile.rs:217:39
[INFO] [stdout]     |
[INFO] [stdout] 217 |     EndianCpu = ffi::SF_ENDIAN_CPU as int,
[INFO] [stdout]     |                                       ^^^
[INFO] [stdout]     |                                       |
[INFO] [stdout]     |                                       not found in this scope
[INFO] [stdout]     |                                       help: perhaps you intended to use this type: `i32`
[INFO] [stdout] 
[INFO] [stdout] 
[INFO] [stdout] error[E0412]: cannot find type `int` in this scope
[INFO] [stdout]    --> /opt/rustwide/cargo-home/git/checkouts/ears-1d8f72d21c29ead8/f682453/src/sndfile.rs:218:47
[INFO] [stdout]     |
[INFO] [stdout] 218 |     FormatSubMask = ffi::SF_FORMAT_SUBMASK as int,
[INFO] [stdout]     |                                               ^^^
[INFO] [stdout]     |                                               |
[INFO] [stdout]     |                                               not found in this scope
[INFO] [stdout]     |                                               help: perhaps you intended to use this type: `i32`
[INFO] [stdout] 
[INFO] [stdout] 
[INFO] [stdout] error[E0412]: cannot find type `int` in this scope
[INFO] [stdout]    --> /opt/rustwide/cargo-home/git/checkouts/ears-1d8f72d21c29ead8/f682453/src/sndfile.rs:219:49
[INFO] [stdout]     |
[INFO] [stdout] 219 |     FormatTypeMask = ffi::SF_FORMAT_TYPEMASK as int,
[INFO] [stdout]     |                                                 ^^^
[INFO] [stdout]     |                                                 |
[INFO] [stdout]     |                                                 not found in this scope
[INFO] [stdout]     |                                                 help: perhaps you intended to use this type: `i32`
[INFO] [stdout] 
[INFO] [stdout] 
[INFO] [stdout] error[E0405]: cannot find trait `BitOr` in this scope
[INFO] [stdout]    --> /opt/rustwide/cargo-home/git/checkouts/ears-1d8f72d21c29ead8/f682453/src/sndfile.rs:222:6
[INFO] [stdout]     |
[INFO] [stdout] 222 | impl BitOr<FormatType, int> for FormatType {
[INFO] [stdout]     |      ^^^^^ not found in this scope
[INFO] [stdout]     |
[INFO] [stdout] help: consider importing this trait
[INFO] [stdout]     |
[INFO] [stdout] 35  | use std::ops::BitOr;
[INFO] [stdout]     |
[INFO] [stdout] 
[INFO] [stdout] 
[INFO] [stdout] error[E0412]: cannot find type `int` in this scope
[INFO] [stdout]    --> /opt/rustwide/cargo-home/git/checkouts/ears-1d8f72d21c29ead8/f682453/src/sndfile.rs:222:24
[INFO] [stdout]     |
[INFO] [stdout] 222 | impl BitOr<FormatType, int> for FormatType {
[INFO] [stdout]     |                        ^^^ not found in this scope
[INFO] [stdout]     |
[INFO] [stdout] help: perhaps you intended to use this type
[INFO] [stdout]     |
[INFO] [stdout] 222 | impl BitOr<FormatType, i32> for FormatType {
[INFO] [stdout]     |                        ^^^
[INFO] [stdout] help: you might be missing a type parameter
[INFO] [stdout]     |
[INFO] [stdout] 222 | impl<int> BitOr<FormatType, int> for FormatType {
[INFO] [stdout]     |     ^^^^^
[INFO] [stdout] 
[INFO] [stdout] 
[INFO] [stdout] error[E0412]: cannot find type `int` in this scope
[INFO] [stdout]    --> /opt/rustwide/cargo-home/git/checkouts/ears-1d8f72d21c29ead8/f682453/src/sndfile.rs:223:43
[INFO] [stdout]     |
[INFO] [stdout] 223 |     fn bitor(&self, _rhs: &FormatType) -> int {
[INFO] [stdout]     |                                           ^^^
[INFO] [stdout]     |                                           |
[INFO] [stdout]     |                                           not found in this scope
[INFO] [stdout]     |                                           help: perhaps you intended to use this type: `i32`
[INFO] [stdout] 
[INFO] [stdout] 
[INFO] [stdout] error[E0412]: cannot find type `int` in this scope
[INFO] [stdout]    --> /opt/rustwide/cargo-home/git/checkouts/ears-1d8f72d21c29ead8/f682453/src/sndfile.rs:224:19
[INFO] [stdout]     |
[INFO] [stdout] 224 |         (*self as int) | (*_rhs as int)
[INFO] [stdout]     |                   ^^^
[INFO] [stdout]     |                   |
[INFO] [stdout]     |                   not found in this scope
[INFO] [stdout]     |                   help: perhaps you intended to use this type: `i32`
[INFO] [stdout] 
[INFO] [stdout] 
[INFO] [stdout] error[E0412]: cannot find type `int` in this scope
[INFO] [stdout]    --> /opt/rustwide/cargo-home/git/checkouts/ears-1d8f72d21c29ead8/f682453/src/sndfile.rs:224:36
[INFO] [stdout]     |
[INFO] [stdout] 224 |         (*self as int) | (*_rhs as int)
[INFO] [stdout]     |                                    ^^^
[INFO] [stdout]     |                                    |
[INFO] [stdout]     |                                    not found in this scope
[INFO] [stdout]     |                                    help: perhaps you intended to use this type: `i32`
[INFO] [stdout] 
[INFO] [stdout] 
[INFO] [stdout] error[E0425]: cannot find function `channel` in this scope
[INFO] [stdout]    --> /opt/rustwide/cargo-home/git/checkouts/ears-1d8f72d21c29ead8/f682453/src/music.rs:135:28
[INFO] [stdout]     |
[INFO] [stdout] 135 |         let (chan, port) = channel();
[INFO] [stdout]     |                            ^^^^^^^ not found in this scope
[INFO] [stdout]     |
[INFO] [stdout] help: consider importing this function
[INFO] [stdout]     |
[INFO] [stdout] 24  | use std::sync::mpsc::channel;
[INFO] [stdout]     |
[INFO] [stdout] 
[INFO] [stdout] 
[INFO] [stdout] error[E0412]: cannot find type `uint` in this scope
[INFO] [stdout]    --> /opt/rustwide/cargo-home/git/checkouts/ears-1d8f72d21c29ead8/f682453/src/music.rs:143:56
[INFO] [stdout]     |
[INFO] [stdout] 143 |         let mut samples = Vec::from_elem(sample_t_r as uint, 0i16);
[INFO] [stdout]     |                                                        ^^^^ not found in this scope
[INFO] [stdout] 
[INFO] [stdout] 
[INFO] [stdout] error[E0412]: cannot find type `uint` in this scope
[INFO] [stdout]    --> /opt/rustwide/cargo-home/git/checkouts/ears-1d8f72d21c29ead8/f682453/src/music.rs:147:96
[INFO] [stdout]     |
[INFO] [stdout] 147 |             self.file.as_mut().unwrap().read_i16(samples.as_mut_slice(), sample_t_r as i64) as uint;
[INFO] [stdout]     |                                                                                                ^^^^ not found in this scope
[INFO] [stdout] 
[INFO] [stdout] 
[INFO] [stdout] error[E0412]: cannot find type `uint` in this scope
[INFO] [stdout]    --> /opt/rustwide/cargo-home/git/checkouts/ears-1d8f72d21c29ead8/f682453/src/music.rs:157:96
[INFO] [stdout]     |
[INFO] [stdout] 157 |             self.file.as_mut().unwrap().read_i16(samples.as_mut_slice(), sample_t_r as i64) as uint;
[INFO] [stdout]     |                                                                                                ^^^^ not found in this scope
[INFO] [stdout] 
[INFO] [stdout] 
[INFO] [stdout] error[E0425]: cannot find function `spawn` in module `task`
[INFO] [stdout]    --> /opt/rustwide/cargo-home/git/checkouts/ears-1d8f72d21c29ead8/f682453/src/music.rs:170:15
[INFO] [stdout]     |
[INFO] [stdout] 170 |         task::spawn(proc() {
[INFO] [stdout]     |               ^^^^^ not found in `task`
[INFO] [stdout]     |
[INFO] [stdout] help: consider importing this function
[INFO] [stdout]     |
[INFO] [stdout] 24  | use std::thread::spawn;
[INFO] [stdout]     |
[INFO] [stdout] 
[INFO] [stdout] 
[INFO] [stdout] error[E0425]: cannot find function `proc` in this scope
[INFO] [stdout]    --> /opt/rustwide/cargo-home/git/checkouts/ears-1d8f72d21c29ead8/f682453/src/music.rs:170:21
[INFO] [stdout]     |
[INFO] [stdout] 170 |         task::spawn(proc() {
[INFO] [stdout]     |                     ^^^^ not found in this scope
[INFO] [stdout] 
[INFO] [stdout] 
[INFO] [stdout] error[E0412]: cannot find type `uint` in this scope
[INFO] [stdout]    --> /opt/rustwide/cargo-home/git/checkouts/ears-1d8f72d21c29ead8/f682453/src/music.rs:177:60
[INFO] [stdout]     |
[INFO] [stdout] 177 |             let mut samples = Vec::from_elem(sample_t_r as uint, 0i16);
[INFO] [stdout]     |                                                            ^^^^ not found in this scope
[INFO] [stdout] 
[INFO] [stdout] 
[INFO] [stdout] error[E0412]: cannot find type `uint` in this scope
[INFO] [stdout]    --> /opt/rustwide/cargo-home/git/checkouts/ears-1d8f72d21c29ead8/f682453/src/sound_data.rs:102:55
[INFO] [stdout]     |
[INFO] [stdout] 102 |         let mut samples = Vec::from_elem(nb_sample as uint, 0i16);
[INFO] [stdout]     |                                                       ^^^^ not found in this scope
[INFO] [stdout] 
[INFO] [stdout] 
[INFO] [stdout] error[E0412]: cannot find type `Sender` in this scope
[INFO] [stdout]   --> /opt/rustwide/cargo-home/git/checkouts/ears-1d8f72d21c29ead8/f682453/src/recorder.rs:67:25
[INFO] [stdout]    |
[INFO] [stdout] 67 |       stop_sender: Option<Sender<bool>>,
[INFO] [stdout]    |                           ^^^^^^
[INFO] [stdout]    |
[INFO] [stdout] help: a trait with a similar name exists
[INFO] [stdout]    |
[INFO] [stdout] 67 |     stop_sender: Option<Send<bool>>,
[INFO] [stdout]    |                         ^^^^
[INFO] [stdout] help: consider importing this struct
[INFO] [stdout]    |
[INFO] [stdout] 26 | use std::sync::mpsc::Sender;
[INFO] [stdout]    |
[INFO] [stdout] 
[INFO] [stdout] 
[INFO] [stdout] error[E0412]: cannot find type `Receiver` in this scope
[INFO] [stdout]   --> /opt/rustwide/cargo-home/git/checkouts/ears-1d8f72d21c29ead8/f682453/src/recorder.rs:68:27
[INFO] [stdout]    |
[INFO] [stdout] 68 |     data_receiver: Option<Receiver<Vec<i16>>>,
[INFO] [stdout]    |                           ^^^^^^^^ not found in this scope
[INFO] [stdout]    |
[INFO] [stdout] help: consider importing one of these items
[INFO] [stdout]    |
[INFO] [stdout] 26 | use std::ops::Receiver;
[INFO] [stdout]    |
[INFO] [stdout] 26 | use std::sync::mpsc::Receiver;
[INFO] [stdout]    |
[INFO] [stdout] 
[INFO] [stdout] 
[INFO] [stdout] error[E0425]: cannot find function `channel` in this scope
[INFO] [stdout]   --> /opt/rustwide/cargo-home/git/checkouts/ears-1d8f72d21c29ead8/f682453/src/recorder.rs:85:44
[INFO] [stdout]    |
[INFO] [stdout] 85 |         let (stop_sender, stop_receiver) = channel();
[INFO] [stdout]    |                                            ^^^^^^^ not found in this scope
[INFO] [stdout]    |
[INFO] [stdout] help: consider importing this function
[INFO] [stdout]    |
[INFO] [stdout] 26 | use std::sync::mpsc::channel;
[INFO] [stdout]    |
[INFO] [stdout] 
[INFO] [stdout] 
[INFO] [stdout] error[E0425]: cannot find function `channel` in this scope
[INFO] [stdout]   --> /opt/rustwide/cargo-home/git/checkouts/ears-1d8f72d21c29ead8/f682453/src/recorder.rs:86:44
[INFO] [stdout]    |
[INFO] [stdout] 86 |         let (data_sender, data_receiver) = channel();
[INFO] [stdout]    |                                            ^^^^^^^ not found in this scope
[INFO] [stdout]    |
[INFO] [stdout] help: consider importing this function
[INFO] [stdout]    |
[INFO] [stdout] 26 | use std::sync::mpsc::channel;
[INFO] [stdout]    |
[INFO] [stdout] 
[INFO] [stdout] 
[INFO] [stdout] error[E0425]: cannot find function `spawn` in module `task`
[INFO] [stdout]   --> /opt/rustwide/cargo-home/git/checkouts/ears-1d8f72d21c29ead8/f682453/src/recorder.rs:92:15
[INFO] [stdout]    |
[INFO] [stdout] 92 |         task::spawn(proc() {
[INFO] [stdout]    |               ^^^^^ not found in `task`
[INFO] [stdout]    |
[INFO] [stdout] help: consider importing this function
[INFO] [stdout]    |
[INFO] [stdout] 26 | use std::thread::spawn;
[INFO] [stdout]    |
[INFO] [stdout] 
[INFO] [stdout] 
[INFO] [stdout] error[E0425]: cannot find function `proc` in this scope
[INFO] [stdout]   --> /opt/rustwide/cargo-home/git/checkouts/ears-1d8f72d21c29ead8/f682453/src/recorder.rs:92:21
[INFO] [stdout]    |
[INFO] [stdout] 92 |         task::spawn(proc() {
[INFO] [stdout]    |                     ^^^^ not found in this scope
[INFO] [stdout] 
[INFO] [stdout] 
[INFO] [stdout] error[E0412]: cannot find type `uint` in this scope
[INFO] [stdout]    --> /opt/rustwide/cargo-home/git/checkouts/ears-1d8f72d21c29ead8/f682453/src/recorder.rs:109:61
[INFO] [stdout]     |
[INFO] [stdout] 109 |                         Vec::from_elem(available_samples as uint, 0i16);
[INFO] [stdout]     |                                                             ^^^^ not found in this scope
[INFO] [stdout] 
[INFO] [stdout] 
[INFO] [stdout] error[E0658]: half-open range patterns are unstable
[INFO] [stdout]   --> /opt/rustwide/cargo-home/git/checkouts/ears-1d8f72d21c29ead8/f682453/src/listener.rs:89:37
[INFO] [stdout]    |
[INFO] [stdout] 89 | pub fn set_position(position: [f32, ..3]) -> () {
[INFO] [stdout]    |                                     ^^^
[INFO] [stdout]    |
[INFO] [stdout]    = note: see issue #67264 <https://github.com/rust-lang/rust/issues/67264> for more information
[INFO] [stdout]    = help: add `#![feature(half_open_range_patterns)]` to the crate attributes to enable
[INFO] [stdout] 
[INFO] [stdout] 
[INFO] [stdout] error[E0658]: half-open range patterns are unstable
[INFO] [stdout]    --> /opt/rustwide/cargo-home/git/checkouts/ears-1d8f72d21c29ead8/f682453/src/sound.rs:538:48
[INFO] [stdout]     |
[INFO] [stdout] 538 |     fn set_position(&mut self, position: [f32, ..3]) -> () {
[INFO] [stdout]     |                                                ^^^
[INFO] [stdout]     |
[INFO] [stdout]     = note: see issue #67264 <https://github.com/rust-lang/rust/issues/67264> for more information
[INFO] [stdout]     = help: add `#![feature(half_open_range_patterns)]` to the crate attributes to enable
[INFO] [stdout] 
[INFO] [stdout] 
[INFO] [stdout] error[E0658]: half-open range patterns are unstable
[INFO] [stdout]    --> /opt/rustwide/cargo-home/git/checkouts/ears-1d8f72d21c29ead8/f682453/src/music.rs:513:48
[INFO] [stdout]     |
[INFO] [stdout] 513 |     fn set_position(&mut self, position: [f32, ..3]) -> () {
[INFO] [stdout]     |                                                ^^^
[INFO] [stdout]     |
[INFO] [stdout]     = note: see issue #67264 <https://github.com/rust-lang/rust/issues/67264> for more information
[INFO] [stdout]     = help: add `#![feature(half_open_range_patterns)]` to the crate attributes to enable
[INFO] [stdout] 
[INFO] [stdout] 
[INFO] [stdout] error[E0658]: half-open range patterns are unstable
[INFO] [stdout]    --> /opt/rustwide/cargo-home/git/checkouts/ears-1d8f72d21c29ead8/f682453/src/audio_controller.rs:186:48
[INFO] [stdout]     |
[INFO] [stdout] 186 |     fn set_position(&mut self, position: [f32, ..3]) -> ();
[INFO] [stdout]     |                                                ^^^
[INFO] [stdout]     |
[INFO] [stdout]     = note: see issue #67264 <https://github.com/rust-lang/rust/issues/67264> for more information
[INFO] [stdout]     = help: add `#![feature(half_open_range_patterns)]` to the crate attributes to enable
[INFO] [stdout] 
[INFO] [stdout] 
[INFO] [stdout] error[E0658]: box expression syntax is experimental; you can call `Box::new` instead
[INFO] [stdout]   --> /opt/rustwide/cargo-home/git/checkouts/ears-1d8f72d21c29ead8/f682453/src/internal.rs:95:62
[INFO] [stdout]    |
[INFO] [stdout] 95 |                         al_context.replace(Some(RefCell::new(box al_data))); Ok(())
[INFO] [stdout]    |                                                              ^^^^^^^^^^^
[INFO] [stdout]    |
[INFO] [stdout]    = note: see issue #49733 <https://github.com/rust-lang/rust/issues/49733> for more information
[INFO] [stdout]    = help: add `#![feature(box_syntax)]` to the crate attributes to enable
[INFO] [stdout] 
[INFO] [stdout] 
[INFO] [stdout] error[E0658]: box expression syntax is experimental; you can call `Box::new` instead
[INFO] [stdout]    --> /opt/rustwide/cargo-home/git/checkouts/ears-1d8f72d21c29ead8/f682453/src/internal.rs:123:62
[INFO] [stdout]     |
[INFO] [stdout] 123 |                         al_context.replace(Some(RefCell::new(box new_context)));
[INFO] [stdout]     |                                                              ^^^^^^^^^^^^^^^
[INFO] [stdout]     |
[INFO] [stdout]     = note: see issue #49733 <https://github.com/rust-lang/rust/issues/49733> for more information
[INFO] [stdout]     = help: add `#![feature(box_syntax)]` to the crate attributes to enable
[INFO] [stdout] 
[INFO] [stdout] 
[INFO] [stdout] error[E0658]: box expression syntax is experimental; you can call `Box::new` instead
[INFO] [stdout]    --> /opt/rustwide/cargo-home/git/checkouts/ears-1d8f72d21c29ead8/f682453/src/sndfile.rs:255:24
[INFO] [stdout]     |
[INFO] [stdout] 255 |           let mut info = box SndInfo {
[INFO] [stdout]     |  ________________________^
[INFO] [stdout] 256 | |             frames : 0,
[INFO] [stdout] 257 | |             samplerate : 0,
[INFO] [stdout] 258 | |             channels : 0,
[INFO] [stdout] ...   |
[INFO] [stdout] 261 | |             seekable : 0
[INFO] [stdout] 262 | |         };
[INFO] [stdout]     | |_________^
[INFO] [stdout]     |
[INFO] [stdout]     = note: see issue #49733 <https://github.com/rust-lang/rust/issues/49733> for more information
[INFO] [stdout]     = help: add `#![feature(box_syntax)]` to the crate attributes to enable
[INFO] [stdout] 
[INFO] [stdout] 
[INFO] [stdout] error[E0658]: box expression syntax is experimental; you can call `Box::new` instead
[INFO] [stdout]    --> /opt/rustwide/cargo-home/git/checkouts/ears-1d8f72d21c29ead8/f682453/src/sndfile.rs:321:24
[INFO] [stdout]     |
[INFO] [stdout] 321 |           let mut info = box SndInfo {
[INFO] [stdout]     |  ________________________^
[INFO] [stdout] 322 | |             frames : 0,
[INFO] [stdout] 323 | |             samplerate : 0,
[INFO] [stdout] 324 | |             channels : 0,
[INFO] [stdout] ...   |
[INFO] [stdout] 327 | |             seekable : 0
[INFO] [stdout] 328 | |         };
[INFO] [stdout]     | |_________^
[INFO] [stdout]     |
[INFO] [stdout]     = note: see issue #49733 <https://github.com/rust-lang/rust/issues/49733> for more information
[INFO] [stdout]     = help: add `#![feature(box_syntax)]` to the crate attributes to enable
[INFO] [stdout] 
[INFO] [stdout] 
[INFO] [stdout] error[E0658]: box expression syntax is experimental; you can call `Box::new` instead
[INFO] [stdout]   --> /opt/rustwide/cargo-home/git/checkouts/ears-1d8f72d21c29ead8/f682453/src/music.rs:93:28
[INFO] [stdout]    |
[INFO] [stdout] 93 |             Ok(file)    => box file,
[INFO] [stdout]    |                            ^^^^^^^^
[INFO] [stdout]    |
[INFO] [stdout]    = note: see issue #49733 <https://github.com/rust-lang/rust/issues/49733> for more information
[INFO] [stdout]    = help: add `#![feature(box_syntax)]` to the crate attributes to enable
[INFO] [stdout] 
[INFO] [stdout] 
[INFO] [stdout] error[E0658]: box expression syntax is experimental; you can call `Box::new` instead
[INFO] [stdout]    --> /opt/rustwide/cargo-home/git/checkouts/ears-1d8f72d21c29ead8/f682453/src/recorder.rs:150:25
[INFO] [stdout]     |
[INFO] [stdout] 150 |               let infos = box SndInfo {
[INFO] [stdout]     |  _________________________^
[INFO] [stdout] 151 | |                 frames : self.samples.len() as i64,
[INFO] [stdout] 152 | |                 samplerate : 44100,
[INFO] [stdout] 153 | |                 channels : 1,
[INFO] [stdout] ...   |
[INFO] [stdout] 156 | |                 seekable : 0
[INFO] [stdout] 157 | |             };
[INFO] [stdout]     | |_____________^
[INFO] [stdout]     |
[INFO] [stdout]     = note: see issue #49733 <https://github.com/rust-lang/rust/issues/49733> for more information
[INFO] [stdout]     = help: add `#![feature(box_syntax)]` to the crate attributes to enable
[INFO] [stdout] 
[INFO] [stdout] 
[INFO] [stdout] error[E0658]: use of unstable library feature 'rustc_private': this crate is being loaded from the sysroot, an unstable location; did you mean to load this crate from crates.io via `Cargo.toml` instead?
[INFO] [stdout]    --> /opt/rustwide/cargo-home/git/checkouts/ears-1d8f72d21c29ead8/f682453/src/ears.rs:102:1
[INFO] [stdout]     |
[INFO] [stdout] 102 | extern crate libc;
[INFO] [stdout]     | ^^^^^^^^^^^^^^^^^^
[INFO] [stdout]     |
[INFO] [stdout]     = note: see issue #27812 <https://github.com/rust-lang/rust/issues/27812> for more information
[INFO] [stdout]     = help: add `#![feature(rustc_private)]` to the crate attributes to enable
[INFO] [stdout] 
[INFO] [stdout] 
[INFO] [stdout] error[E0658]: use of unstable library feature 'rustc_private': this crate is being loaded from the sysroot, an unstable location; did you mean to load this crate from crates.io via `Cargo.toml` instead?
[INFO] [stdout]   --> /opt/rustwide/cargo-home/git/checkouts/ears-1d8f72d21c29ead8/f682453/src/openal.rs:34:16
[INFO] [stdout]    |
[INFO] [stdout] 34 |     use libc::{c_char, c_void};
[INFO] [stdout]    |                ^^^^^^
[INFO] [stdout]    |
[INFO] [stdout]    = note: see issue #27812 <https://github.com/rust-lang/rust/issues/27812> for more information
[INFO] [stdout]    = help: add `#![feature(rustc_private)]` to the crate attributes to enable
[INFO] [stdout] 
[INFO] [stdout] 
[INFO] [stdout] error[E0658]: use of unstable library feature 'rustc_private': this crate is being loaded from the sysroot, an unstable location; did you mean to load this crate from crates.io via `Cargo.toml` instead?
[INFO] [stdout]   --> /opt/rustwide/cargo-home/git/checkouts/ears-1d8f72d21c29ead8/f682453/src/openal.rs:37:27
[INFO] [stdout]    |
[INFO] [stdout] 37 |     pub type ALCboolean = c_char;
[INFO] [stdout]    |                           ^^^^^^
[INFO] [stdout]    |
[INFO] [stdout]    = note: see issue #27812 <https://github.com/rust-lang/rust/issues/27812> for more information
[INFO] [stdout]    = help: add `#![feature(rustc_private)]` to the crate attributes to enable
[INFO] [stdout] 
[INFO] [stdout] 
[INFO] [stdout] error[E0658]: use of unstable library feature 'rustc_private': this crate is being loaded from the sysroot, an unstable location; did you mean to load this crate from crates.io via `Cargo.toml` instead?
[INFO] [stdout]   --> /opt/rustwide/cargo-home/git/checkouts/ears-1d8f72d21c29ead8/f682453/src/openal.rs:95:47
[INFO] [stdout]    |
[INFO] [stdout] 95 |         pub fn alcOpenDevice(devicename: *mut c_char) -> *mut ALCdevice;
[INFO] [stdout]    |                                               ^^^^^^
[INFO] [stdout]    |
[INFO] [stdout]    = note: see issue #27812 <https://github.com/rust-lang/rust/issues/27812> for more information
[INFO] [stdout]    = help: add `#![feature(rustc_private)]` to the crate attributes to enable
[INFO] [stdout] 
[INFO] [stdout] 
[INFO] [stderr] error: could not compile `ears`
[INFO] [stdout] error[E0658]: use of unstable library feature 'rustc_private': this crate is being loaded from the sysroot, an unstable location; did you mean to load this crate from crates.io via `Cargo.toml` instead?
[INFO] [stdout]    --> /opt/rustwide/cargo-home/git/checkouts/ears-1d8f72d21c29ead8/f682453/src/openal.rs:123:50
[INFO] [stdout]     |
[INFO] [stdout] 123 |         pub fn alcCaptureOpenDevice(device: *mut c_char, sample_rate: i32, format: i32, buffer_size: i32) -> *mut ALCdevice;
[INFO] [stdout]     |                                                  ^^^^^^
[INFO] [stdout]     |
[INFO] [stdout]     = note: see issue #27812 <https://github.com/rust-lang/rust/issues/27812> for more information
[INFO] [stdout]     = help: add `#![feature(rustc_private)]` to the crate attributes to enable
[INFO] [stdout] 
[INFO] [stdout] 
[INFO] [stderr] 
[INFO] [stdout] error[E0658]: use of unstable library feature 'rustc_private': this crate is being loaded from the sysroot, an unstable location; did you mean to load this crate from crates.io via `Cargo.toml` instead?
[INFO] [stdout]    --> /opt/rustwide/cargo-home/git/checkouts/ears-1d8f72d21c29ead8/f682453/src/openal.rs:130:80
[INFO] [stdout]     |
[INFO] [stdout] 130 |         pub fn alcIsExtensionPresent(device: *mut ALCdevice, extension: *const c_char) -> ALCboolean;
[INFO] [stdout]     |                                                                                ^^^^^^
[INFO] [stdout]     |
[INFO] [stdout]     = note: see issue #27812 <https://github.com/rust-lang/rust/issues/27812> for more information
[INFO] [stdout]     = help: add `#![feature(rustc_private)]` to the crate attributes to enable
[INFO] [stdout] 
[INFO] [stdout] 
[INFO] [stderr] To learn more, run the command again with --verbose.
[INFO] [stdout] error: aborting due to 153 previous errors
[INFO] [stdout] 
[INFO] [stdout] 
[INFO] [stdout] Some errors have detailed explanations: E0405, E0412, E0425, E0432, E0658.
[INFO] [stdout] 
[INFO] [stdout] For more information about an error, try `rustc --explain E0405`.
[INFO] [stdout] 
[INFO] running `Command { std: "docker" "inspect" "b50dc34ef3410b468306ad2836f345e5016f493ede16ad81cdb855e541897df7", kill_on_drop: false }`
[INFO] running `Command { std: "docker" "rm" "-f" "b50dc34ef3410b468306ad2836f345e5016f493ede16ad81cdb855e541897df7", kill_on_drop: false }`
[INFO] [stdout] b50dc34ef3410b468306ad2836f345e5016f493ede16ad81cdb855e541897df7
